{"id":26,"date":"2026-01-20T18:09:22","date_gmt":"2026-01-20T18:09:22","guid":{"rendered":"https:\/\/eventos.esec.pt\/eipe2026\/?page_id=26"},"modified":"2026-01-27T13:58:41","modified_gmt":"2026-01-27T13:58:41","slug":"acreditacao","status":"publish","type":"page","link":"https:\/\/eventos.esec.pt\/eipe2026\/acreditacao\/","title":{"rendered":"Acredita\u00e7\u00e3o"},"content":{"rendered":"\n<p>O&nbsp;<strong>EIPE \u2013 Encontro de Investiga\u00e7\u00e3o e Pr\u00e1ticas em Educa\u00e7\u00e3o<\/strong>&nbsp;encontra-se&nbsp;<strong>acreditado<\/strong>&nbsp;pelo Conselho Cient\u00edfico-Pedag\u00f3gico da Forma\u00e7\u00e3o Cont\u00ednua (CCPFC), para todos os grupos de recrutamento, com os seguintes dados:<\/p>\n\n\n\n<blockquote class=\"wp-block-quote is-layout-flow wp-block-quote-is-layout-flow\">\n<p class=\"has-medium-font-size\">Encontro de Investiga\u00e7\u00e3o e Pr\u00e1ticas em Educa\u00e7\u00e3o<br><strong>N\u00ba de horas de forma\u00e7\u00e3o acreditadas:<\/strong> 13<br><strong>Registo de acredita\u00e7\u00e3o:<\/strong>&nbsp;CCPFC\/ACC-134656\/25<br><strong>Prazo de validade para efeitos de in\u00edcio da a\u00e7\u00e3o:<\/strong> 17 de mar\u00e7o de 2028<\/p>\n<\/blockquote>\n\n\n\n<p class=\"has-medium-font-size\">Para os efeitos previstos no n.\u00ba 1 do art.\u00ba 8.\u00ba, do Regime Jur\u00eddico da Forma\u00e7\u00e3o Cont\u00ednua de Professores, a presente a\u00e7\u00e3o releva para efeitos de progress\u00e3o em carreira de Educadores de Inf\u00e2ncia, Professores dos 1.\u00ba e 2.\u00ba Ciclo do Ensino B\u00e1sico e Professores de Educa\u00e7\u00e3o Especial.<\/p>\n\n\n\n<p class=\"has-medium-font-size\">Para efeitos de aplica\u00e7\u00e3o do art.\u00ba 9.\u00ba do Regime Jur\u00eddico da Forma\u00e7\u00e3o Cont\u00ednua de Professores (dimens\u00e3o cient\u00edfica e pedag\u00f3gica), a presente a\u00e7\u00e3o n\u00e3o releva para a progress\u00e3o em carreira.<\/p>\n\n\n\n<h2 class=\"wp-block-heading has-medium-font-size\"><strong>Certificado com Acredita\u00e7\u00e3o<\/strong>:<\/h2>\n\n\n\n<p class=\"has-medium-font-size\">Caso seja eleg\u00edvel e pretenda certificado de Acredita\u00e7\u00e3o pelo Conselho Cient\u00edfico-Pedag\u00f3gico da Forma\u00e7\u00e3o Cont\u00ednua (CCPFC), dever\u00e1 assinalar essa op\u00e7\u00e3o no <a href=\"https:\/\/eventos.esec.pt\/eipe2026\/inscricoes\/\" data-type=\"page\" data-id=\"25\">formul\u00e1rio de inscri\u00e7\u00e3o<\/a>.<\/p>\n\n\n\n<h3 class=\"wp-block-heading has-medium-font-size\"><strong>Crit\u00e9rios de avalia\u00e7\u00e3o e atribui\u00e7\u00e3o de certificado<\/strong><\/h3>\n\n\n\n<h2 class=\"wp-block-heading has-medium-font-size\"><strong>Avalia\u00e7\u00e3o dos formandos:<\/strong><strong><\/strong><\/h2>\n\n\n\n<p class=\"has-medium-font-size\">Para obter aprova\u00e7\u00e3o na a\u00e7\u00e3o, os formandos optar\u00e3o por:<\/p>\n\n\n\n<p class=\"has-medium-font-size\">a) relat\u00f3rio individual escrito de cariz reflexivo versando um tema apresentado no evento, \u00e0 sua escolha, em articula\u00e7\u00e3o com a sua pr\u00e1tica profissional;<\/p>\n\n\n\n<p class=\"has-medium-font-size\">b) texto apresentado e submetido no evento \u2013 Comunica\u00e7\u00e3o Oral\/Relato de Pr\u00e1tica, p\u00f3ster ou Oficina.<\/p>\n\n\n\n<p class=\"has-medium-font-size\">Os elementos de avalia\u00e7\u00e3o indicados em a) ou b), dever\u00e3o ser submetidos em formato pdf \u2013 at\u00e9 3 semanas depois do Encontro (09\/05\/2026), atrav\u00e9s do e-mail:&nbsp;<a href=\"mailto:eipe@esec.pt\">eipe@esec.pt<\/a>.<\/p>\n\n\n\n<p class=\"has-medium-font-size\">Os crit\u00e9rios de avalia\u00e7\u00e3o s\u00e3o os seguintes:<\/p>\n\n\n\n<h3 class=\"wp-block-heading has-medium-font-size\">a) Relat\u00f3rio escrito:<\/h3>\n\n\n\n<p class=\"has-medium-font-size\">\u2022&nbsp;&nbsp;&nbsp; crit\u00e9rios formais (10%): extens\u00e3o (1 a 2 p\u00e1ginas A4, com margens normais), tipo e tamanho de letra (Calibri 11), alinhamento (justificado) e espa\u00e7amento 1,5;<\/p>\n\n\n\n<p class=\"has-medium-font-size\">\u2022&nbsp;&nbsp;&nbsp; crit\u00e9rios de conte\u00fado (90%): reflex\u00e3o cr\u00edtica sobre um tema do evento, (identificado e enquadrado pelo formando no seu relat\u00f3rio), tomando-se como refer\u00eancia uma Confer\u00eancia, a Mesa Redonda, um grupo de Comunica\u00e7\u00f5es ou uma Oficina e em articula\u00e7\u00e3o com a sua pr\u00e1tica profissional.<strong><\/strong><\/p>\n\n\n\n<p class=\"has-medium-font-size\"><strong>ou<\/strong><strong><\/strong><\/p>\n\n\n\n<h3 class=\"wp-block-heading has-medium-font-size\">b) Trabalho submetido, aceite e apresentado no X EIPE \u2013 2026 (enviar Resumo e apresenta\u00e7\u00e3o, em vers\u00e3o PDF)<\/h3>\n\n\n\n<p class=\"has-medium-font-size\">A classifica\u00e7\u00e3o quantitativa de cada formando ser\u00e1 realizada na escala quantitativa de 1 a 10, nos termos dos n\u00fameros 5 e 6 do artigo 4.\u00ba do Despacho n.\u00ba 4595\/2015, de 6 de maio, respeitando todos os dispositivos legais da avalia\u00e7\u00e3o cont\u00ednua e tendo como referente as seguintes men\u00e7\u00f5es: \u201cExcelente- 9 a 10 valores; Muito Bom \u2013 8 a 8,9 valores; Bom- 6,5 a 7,9 valores; Regular \u2013 5 a 6,4 valores e insuficiente 1 a 4,9 valores\u201d.<\/p>\n","protected":false},"excerpt":{"rendered":"<p>O&nbsp;EIPE \u2013 Encontro de Investiga\u00e7\u00e3o e Pr\u00e1ticas em Educa\u00e7\u00e3o&nbsp;encontra-se&nbsp;acreditado&nbsp;pelo Conselho Cient\u00edfico-Pedag\u00f3gico da Forma\u00e7\u00e3o Cont\u00ednua (CCPFC), para todos os grupos de recrutamento, com os seguintes dados: Encontro de Investiga\u00e7\u00e3o e Pr\u00e1ticas em Educa\u00e7\u00e3oN\u00ba de horas de forma\u00e7\u00e3o acreditadas: 13Registo de acredita\u00e7\u00e3o:&nbsp;CCPFC\/ACC-134656\/25Prazo de validade para efeitos de in\u00edcio da a\u00e7\u00e3o: 17 de mar\u00e7o de 2028 Para os [&hellip;]<\/p>\n","protected":false},"author":2,"featured_media":0,"parent":0,"menu_order":0,"comment_status":"closed","ping_status":"closed","template":"","meta":{"footnotes":""},"class_list":["post-26","page","type-page","status-publish","hentry"],"_links":{"self":[{"href":"https:\/\/eventos.esec.pt\/eipe2026\/wp-json\/wp\/v2\/pages\/26","targetHints":{"allow":["GET"]}}],"collection":[{"href":"https:\/\/eventos.esec.pt\/eipe2026\/wp-json\/wp\/v2\/pages"}],"about":[{"href":"https:\/\/eventos.esec.pt\/eipe2026\/wp-json\/wp\/v2\/types\/page"}],"author":[{"embeddable":true,"href":"https:\/\/eventos.esec.pt\/eipe2026\/wp-json\/wp\/v2\/users\/2"}],"replies":[{"embeddable":true,"href":"https:\/\/eventos.esec.pt\/eipe2026\/wp-json\/wp\/v2\/comments?post=26"}],"version-history":[{"count":11,"href":"https:\/\/eventos.esec.pt\/eipe2026\/wp-json\/wp\/v2\/pages\/26\/revisions"}],"predecessor-version":[{"id":138,"href":"https:\/\/eventos.esec.pt\/eipe2026\/wp-json\/wp\/v2\/pages\/26\/revisions\/138"}],"wp:attachment":[{"href":"https:\/\/eventos.esec.pt\/eipe2026\/wp-json\/wp\/v2\/media?parent=26"}],"curies":[{"name":"wp","href":"https:\/\/api.w.org\/{rel}","templated":true}]}}