{"id":24,"date":"2026-01-20T18:08:40","date_gmt":"2026-01-20T18:08:40","guid":{"rendered":"https:\/\/eventos.esec.pt\/eipe2026\/?page_id=24"},"modified":"2026-03-04T18:22:17","modified_gmt":"2026-03-04T18:22:17","slug":"submissoes","status":"publish","type":"page","link":"https:\/\/eventos.esec.pt\/eipe2026\/submissoes\/","title":{"rendered":"Submiss\u00f5es"},"content":{"rendered":"\n<p class=\"has-medium-font-size\"><strong>Datas importantes<\/strong><\/p>\n\n\n\n<ul class=\"wp-block-list has-medium-font-size\">\n<li><mark style=\"background-color:#ffffff\" class=\"has-inline-color has-contrast-color\">23\/02\/2026: submiss\u00e3o de resumos<\/mark><\/li>\n\n\n\n<li><mark style=\"background-color:#ffffff\" class=\"has-inline-color has-contrast-color\"><s>16\/02\/2026: submiss\u00e3o de resumos<\/s><\/mark><\/li>\n\n\n\n<li><mark style=\"background-color:#eed3dc\" class=\"has-inline-color\">16\/03\/2026: notifica\u00e7\u00e3o aos autores<\/mark><\/li>\n\n\n\n<li>27\/03\/2026: submiss\u00e3o da vers\u00e3o revista dos resumos<\/li>\n<\/ul>\n\n\n\n<p class=\"has-medium-font-size\"><strong>Nota: <\/strong>Est\u00e1 prevista a publica\u00e7\u00e3o dos textos que venham a ser posteriormente submetidos, atrav\u00e9s da editora da ESEC<\/p>\n\n\n\n<div style=\"height:45px\" aria-hidden=\"true\" class=\"wp-block-spacer\"><\/div>\n\n\n\n<p class=\"has-medium-font-size\"><strong>Processo de submiss\u00e3o<\/strong><\/p>\n\n\n\n<p class=\"has-medium-font-size\">As sess\u00f5es paralelas decorrem com a apresenta\u00e7\u00e3o de comunica\u00e7\u00f5es orais\/relatos de pr\u00e1tica, p\u00f3steres e oficinas dentro do \u00e2mbito EIPE 2026. A submiss\u00e3o de trabalhos ser\u00e1 realizada em duas fases:<br><br><mark style=\"background-color:#ffffff\" class=\"has-inline-color has-contrast-color\">\u2022 <strong>Submiss\u00e3o do resumo, at\u00e9 23\/02\/2026<\/strong><\/mark><\/p>\n\n\n\n<p class=\"has-medium-font-size\"><strong>Nota<\/strong>: Cada autor\/coautor poder\u00e1, no m\u00e1ximo, efetuar 3 submiss\u00f5es para o EIPE 2026<\/p>\n\n\n\n<div style=\"height:25px\" aria-hidden=\"true\" class=\"wp-block-spacer\"><\/div>\n\n\n\n<p class=\"has-medium-font-size\"><strong>Submiss\u00e3o dos resumos<\/strong><\/p>\n\n\n\n<p class=\"has-medium-font-size\">Os resumos das propostas (para comunica\u00e7\u00e3o oral\/relatos de pr\u00e1tica, p\u00f3steres e de oficinas) s\u00e3o submetidos em portugu\u00eas. Os resumos s\u00e3o limitados a 1500 carateres, incluindo espa\u00e7os, sem refer\u00eancias bibliogr\u00e1ficas. Devem incluir (de acordo com a respetiva modalidade):<\/p>\n\n\n\n<ol class=\"wp-block-list has-medium-font-size\">\n<li>Modalidade de comunica\u00e7\u00e3o oral (<strong>CO<\/strong>)), relato de pr\u00e1tica (<strong>RP<\/strong>) ou p\u00f3ster (<strong>P<\/strong>):\n<ul class=\"wp-block-list\">\n<li>t\u00edtulo (s\u00f3 a primeira palavra iniciada com mai\u00fascula),<\/li>\n\n\n\n<li>prop\u00f3sito do estudo,<\/li>\n\n\n\n<li>m\u00e9todos de pesquisa\/metodologia (se aplic\u00e1vel),<\/li>\n\n\n\n<li>resultados (se aplic\u00e1vel),<\/li>\n\n\n\n<li>conclus\u00f5es.<\/li>\n<\/ul>\n<\/li>\n\n\n\n<li>Modalidade de oficina (Modalidade<strong> O<\/strong>)\n<ul class=\"wp-block-list\">\n<li>t\u00edtulo (s\u00f3 a primeira palavra iniciada com mai\u00fascula),<\/li>\n\n\n\n<li>enquadramento e objetivos do mesmo.<\/li>\n<\/ul>\n<\/li>\n<\/ol>\n\n\n\n<div style=\"height:45px\" aria-hidden=\"true\" class=\"wp-block-spacer\"><\/div>\n\n\n\n<p class=\"has-medium-font-size\">Os <strong>resumos<\/strong> devem seguir, obrigatoriamente, as normas de formata\u00e7\u00e3o do <em>template<\/em> (<strong>EIPE10_resumo_modalidade_Apelido(s) template.docx<\/strong> (Word)). O modelo deve ser descarregado e deve ser usado para trabalhar diretamente sobre o <a href=\"https:\/\/eventos.esec.pt\/eipe2026\/wp-content\/uploads\/2026\/01\/EIPE10_resumo_Modalidade_Apelidos-template.docx\">ficheiro<\/a> .<\/p>\n\n\n\n<p class=\"has-medium-font-size\">A submiss\u00e3o de resumos deve ser feita <strong><mark style=\"background-color:rgba(0, 0, 0, 0)\" class=\"has-inline-color has-contrast-color\">at\u00e9 23\/02\/2026<\/mark><\/strong>, atrav\u00e9s do <a href=\"https:\/\/forms.gle\/kYgraoqd2FySU9M19\" target=\"_blank\" rel=\"noreferrer noopener\"><strong>formul\u00e1rio<\/strong><\/a>. O nome do documento submetido dever\u00e1 ter formato <strong>EIPE10_resumo_modalidade_apelido(s).docx (Word)<\/strong> Exemplo: EIPE10_resumo_O_xxxxxxx.docx<\/p>\n\n\n\n<p class=\"has-medium-font-size\"><strong>NOTA IMPORTANTE:<\/strong><br>Os trabalhos submetidos ser\u00e3o sujeitos a uma avalia\u00e7\u00e3o por especialistas da Comiss\u00e3o Cient\u00edfica do EIPE 2026. Nesta avalia\u00e7\u00e3o ter-se-\u00e1 em considera\u00e7\u00e3o:<\/p>\n\n\n\n<ol class=\"wp-block-list has-medium-font-size\">\n<li>Propostas de resumo para comunica\u00e7\u00e3o oral, relato de pr\u00e1tica\/p\u00f3ster ou oficina:\n<ul class=\"wp-block-list\">\n<li>i) Pertin\u00eancia da proposta em rela\u00e7\u00e3o \u00e0 tem\u00e1tica do Encontro<\/li>\n\n\n\n<li>ii) Qualidade cient\u00edfica e contributos do trabalho<\/li>\n\n\n\n<li>iii) Respeito das normas de reda\u00e7\u00e3o<\/li>\n<\/ul>\n<\/li>\n<\/ol>\n\n\n\n<p class=\"has-medium-font-size\"><strong>Nota<\/strong>: O autor que ir\u00e1 apresentar a comunica\u00e7\u00e3o\/p\u00f3ster\/relato\/oficina ter\u00e1 obrigatoriamente de estar inscrito no evento.<\/p>\n\n\n\n<p><\/p>\n","protected":false},"excerpt":{"rendered":"<p>Datas importantes Nota: Est\u00e1 prevista a publica\u00e7\u00e3o dos textos que venham a ser posteriormente submetidos, atrav\u00e9s da editora da ESEC Processo de submiss\u00e3o As sess\u00f5es paralelas decorrem com a apresenta\u00e7\u00e3o de comunica\u00e7\u00f5es orais\/relatos de pr\u00e1tica, p\u00f3steres e oficinas dentro do \u00e2mbito EIPE 2026. A submiss\u00e3o de trabalhos ser\u00e1 realizada em duas fases: \u2022 Submiss\u00e3o do [&hellip;]<\/p>\n","protected":false},"author":2,"featured_media":0,"parent":0,"menu_order":0,"comment_status":"closed","ping_status":"closed","template":"","meta":{"footnotes":""},"class_list":["post-24","page","type-page","status-publish","hentry"],"_links":{"self":[{"href":"https:\/\/eventos.esec.pt\/eipe2026\/wp-json\/wp\/v2\/pages\/24","targetHints":{"allow":["GET"]}}],"collection":[{"href":"https:\/\/eventos.esec.pt\/eipe2026\/wp-json\/wp\/v2\/pages"}],"about":[{"href":"https:\/\/eventos.esec.pt\/eipe2026\/wp-json\/wp\/v2\/types\/page"}],"author":[{"embeddable":true,"href":"https:\/\/eventos.esec.pt\/eipe2026\/wp-json\/wp\/v2\/users\/2"}],"replies":[{"embeddable":true,"href":"https:\/\/eventos.esec.pt\/eipe2026\/wp-json\/wp\/v2\/comments?post=24"}],"version-history":[{"count":12,"href":"https:\/\/eventos.esec.pt\/eipe2026\/wp-json\/wp\/v2\/pages\/24\/revisions"}],"predecessor-version":[{"id":200,"href":"https:\/\/eventos.esec.pt\/eipe2026\/wp-json\/wp\/v2\/pages\/24\/revisions\/200"}],"wp:attachment":[{"href":"https:\/\/eventos.esec.pt\/eipe2026\/wp-json\/wp\/v2\/media?parent=24"}],"curies":[{"name":"wp","href":"https:\/\/api.w.org\/{rel}","templated":true}]}}