{"id":86,"date":"2024-01-04T16:17:08","date_gmt":"2024-01-04T16:17:08","guid":{"rendered":"https:\/\/eventos.esec.pt\/eipe2024\/?page_id=86"},"modified":"2024-03-05T15:54:56","modified_gmt":"2024-03-05T15:54:56","slug":"acreditacao","status":"publish","type":"page","link":"https:\/\/eventos.esec.pt\/eipe2024\/acreditacao\/","title":{"rendered":"Acredita\u00e7\u00e3o"},"content":{"rendered":"\n<p>O&nbsp;<strong>EIPE \u2013 Encontro de Investiga\u00e7\u00e3o e Pr\u00e1ticas em Educa\u00e7\u00e3o<\/strong>&nbsp;encontra-se&nbsp;<strong>acreditado<\/strong>&nbsp;pelo Conselho Cient\u00edfico-Pedag\u00f3gico da Forma\u00e7\u00e3o Cont\u00ednua (CCPFC), com os seguintes dados:<\/p>\n\n\n\n<p><strong>Encontro de Investiga\u00e7\u00e3o e Pr\u00e1ticas em Educa\u00e7\u00e3o<\/strong><br><strong>N\u00ba de horas de forma\u00e7\u00e3o acreditadas:<\/strong>&nbsp;13<br><strong>Registo de acredita\u00e7\u00e3o:<\/strong>&nbsp;CCPFC\/ACC-119549\/23<br><strong>Prazo de validade para efeitos de in\u00edcio da a\u00e7\u00e3o:<\/strong>&nbsp;at\u00e9 20 de fevereiro de 2026<\/p>\n\n\n\n<p>Para os efeitos previstos no n\u00ba 1 do art\u00ba 8\u00ba do Regime Jur\u00eddico da Forma\u00e7\u00e3o Cont\u00ednua de Professores, a presente a\u00e7\u00e3o releva para efeitos de progress\u00e3o em carreira de Educadores de Inf\u00e2ncia, Professores dos 1\u00ba e 2\u00ba Ciclo do Ensino B\u00e1sico e Professores de Educa\u00e7\u00e3o Especial.<\/p>\n\n\n\n<p>Para efeitos de aplica\u00e7\u00e3o do art\u00ba 9\u00ba do Regime Jur\u00eddico da Forma\u00e7\u00e3o Cont\u00ednua de Professores (dimens\u00e3o cient\u00edfica e pedag\u00f3gica), a presente a\u00e7\u00e3o n\u00e3o releva para a progress\u00e3o em carreira.<\/p>\n\n\n\n<p><strong>Destinat\u00e1rios:<\/strong>&nbsp;Educadores de Inf\u00e2ncia, Professores dos 1\u00ba e 2\u00ba Ciclo do Ensino B\u00e1sico e Professores de Educa\u00e7\u00e3o Especial<\/p>\n\n\n\n<p><strong>Certificado com Acredita\u00e7\u00e3o<\/strong><strong><\/strong><\/p>\n\n\n\n<p>Caso seja eleg\u00edvel e pretenda certificado de Acredita\u00e7\u00e3o pelo Conselho Cient\u00edfico-Pedag\u00f3gico da Forma\u00e7\u00e3o Cont\u00ednua (CCPFC), dever\u00e1 assinalar essa op\u00e7\u00e3o no&nbsp;<a href=\"https:\/\/eventos.esec.pt\/eipe2024\/inscricoes\/\">formul\u00e1rio de inscri\u00e7\u00e3o<\/a>.<\/p>\n\n\n\n<p><strong>Crit\u00e9rios de avalia\u00e7\u00e3o e atribui\u00e7\u00e3o de certificado<\/strong><strong><\/strong><\/p>\n\n\n\n<p>Todas as informa\u00e7\u00f5es relativas aos requisitos para obten\u00e7\u00e3o do certificado com acredita\u00e7\u00e3o pelo CCPFC, dever\u00e3o ser consultados <a href=\"https:\/\/eventos.esec.pt\/eipe2024\/wp-content\/uploads\/2024\/03\/Info-acreditacao_EIPE-2024.pdf\">AQUI<\/a><a href=\"#\">.<\/a><\/p>\n\n\n\n<p><\/p>\n","protected":false},"excerpt":{"rendered":"<p>O&nbsp;EIPE \u2013 Encontro de Investiga\u00e7\u00e3o e Pr\u00e1ticas em Educa\u00e7\u00e3o&nbsp;encontra-se&nbsp;acreditado&nbsp;pelo Conselho Cient\u00edfico-Pedag\u00f3gico da Forma\u00e7\u00e3o Cont\u00ednua (CCPFC), com os seguintes dados: Encontro de Investiga\u00e7\u00e3o e Pr\u00e1ticas em&hellip;<\/p>\n","protected":false},"author":2,"featured_media":0,"parent":0,"menu_order":0,"comment_status":"closed","ping_status":"closed","template":"","meta":{"footnotes":""},"class_list":["post-86","page","type-page","status-publish","hentry"],"_links":{"self":[{"href":"https:\/\/eventos.esec.pt\/eipe2024\/wp-json\/wp\/v2\/pages\/86","targetHints":{"allow":["GET"]}}],"collection":[{"href":"https:\/\/eventos.esec.pt\/eipe2024\/wp-json\/wp\/v2\/pages"}],"about":[{"href":"https:\/\/eventos.esec.pt\/eipe2024\/wp-json\/wp\/v2\/types\/page"}],"author":[{"embeddable":true,"href":"https:\/\/eventos.esec.pt\/eipe2024\/wp-json\/wp\/v2\/users\/2"}],"replies":[{"embeddable":true,"href":"https:\/\/eventos.esec.pt\/eipe2024\/wp-json\/wp\/v2\/comments?post=86"}],"version-history":[{"count":5,"href":"https:\/\/eventos.esec.pt\/eipe2024\/wp-json\/wp\/v2\/pages\/86\/revisions"}],"predecessor-version":[{"id":159,"href":"https:\/\/eventos.esec.pt\/eipe2024\/wp-json\/wp\/v2\/pages\/86\/revisions\/159"}],"wp:attachment":[{"href":"https:\/\/eventos.esec.pt\/eipe2024\/wp-json\/wp\/v2\/media?parent=86"}],"curies":[{"name":"wp","href":"https:\/\/api.w.org\/{rel}","templated":true}]}}