{"id":63,"date":"2024-01-04T10:47:52","date_gmt":"2024-01-04T10:47:52","guid":{"rendered":"https:\/\/eventos.esec.pt\/eipe2024\/?page_id=63"},"modified":"2024-04-18T09:36:32","modified_gmt":"2024-04-18T09:36:32","slug":"programa","status":"publish","type":"page","link":"https:\/\/eventos.esec.pt\/eipe2024\/programa\/","title":{"rendered":"Programa"},"content":{"rendered":"\n<p><strong>Programa VIII EIPE &#8211; 2024<\/strong><\/p>\n\n\n\n<p>Programa geral (dispon\u00edvel para <a href=\"https:\/\/eventos.esec.pt\/eipe2024\/wp-content\/uploads\/2024\/04\/Programa-detalhado.pdf\">descarregar em PDF<\/a>)<\/p>\n\n\n\n<figure class=\"wp-block-table is-style-stripes\"><table><thead><tr><th><\/th><th><strong>Sexta-feira, 19 de abril<\/strong> <strong>2024<\/strong><\/th><\/tr><\/thead><tbody><tr><td>8h20<\/td><td>Abertura do secretariado do evento<\/td><\/tr><tr><td>9h00<\/td><td><strong>Sess\u00e3o de abertura<\/strong><br>Jorge Conde, Presidente do Instituto Polit\u00e9cnico de Coimbra<br>Rui Antunes, Presidente da Escola Superior de Educa\u00e7\u00e3o de Coimbra<br>Ana Santiago, Organiza\u00e7\u00e3o do EIPE 2024<\/td><\/tr><tr><td>9h30 \u2013 10h30<\/td><td><strong>Confer\u00eancia Plen\u00e1ria<\/strong><br><em>Reinventar a Forma\u00e7\u00e3o Inicial de Professores em Portugal: Desafios e Oportunidades em Contextos Transformadores<\/em><br>Lu\u00eds Tinoca, Instituto de Educa\u00e7\u00e3o da Universidade de Lisboa<br>Moderadora | Sofia Gon\u00e7alves<\/td><\/tr><tr><td>10h30 \u2013 10h45<\/td><td><strong>Pausa para caf\u00e9<\/strong><\/td><\/tr><tr><td>10h45 \u2013 12h15<\/td><td><strong><a href=\"https:\/\/eventos.esec.pt\/eipe2024\/wp-content\/uploads\/2024\/04\/EIPE-2024-COMUNICACOES-PARALELAS-I.pdf\">Comunica\u00e7\u00f5es paralelas I<\/a><\/strong><\/td><\/tr><tr><td>12h15 \u2013 14h00<\/td><td><strong>Pausa para almo\u00e7o<\/strong><\/td><\/tr><tr><td>14h00\u2013 16h00<\/td><td><strong><a href=\"https:\/\/eventos.esec.pt\/eipe2024\/wp-content\/uploads\/2024\/04\/EIPE-2024-WORKSHOPS-PARALELOS.pdf\">Workshops paralelos<\/a><\/strong> (<a href=\"https:\/\/eventos.esec.pt\/eipe2024\/inscricoes\/\">inscri\u00e7\u00f5es dispon\u00edveis<\/a>)<\/td><\/tr><tr><td>16h00 \u2013 16h30<\/td><td><strong>Pausa para caf\u00e9<\/strong><\/td><\/tr><tr><td>16h30 \u2013 18h00<\/td><td><strong>Mesa Redonda<\/strong><br><em>Contextos Transformadores em Educa\u00e7\u00e3o: Vis\u00f5es Partilhadas<\/em><br>Pedro Patacho, C\u00e2mara Municipal de Oeiras<br>Filipa Cunha, TUMO \u2013 Coimbra<br>Carlos Santos, Universidade de Aveiro<br>Moderadora | Joana Ch\u00e9linho<\/td><\/tr><\/tbody><\/table><\/figure>\n\n\n\n<figure class=\"wp-block-table is-style-stripes\"><table><thead><tr><th><\/th><th><strong>S\u00e1bado, 20 de abril<\/strong> <strong>2024<\/strong><\/th><\/tr><\/thead><tbody><tr><td>9h30 \u2013 11h00<\/td><td><strong><a href=\"https:\/\/eventos.esec.pt\/eipe2024\/wp-content\/uploads\/2024\/04\/EIPE-2024-COMUNICACOES-PARALELAS-II.pdf\">Comunica\u00e7\u00f5es paralelas II<\/a><\/strong><\/td><\/tr><tr><td>11h00 \u2013 11h15<\/td><td><strong>Pausa para caf\u00e9<\/strong><\/td><\/tr><tr><td>11h15 \u2013 12h15<\/td><td><strong><a href=\"https:\/\/eventos.esec.pt\/eipe2024\/wp-content\/uploads\/2024\/04\/EIPE-2024-COMUNICACOES-PARALELAS-III.pdf\">Comunica\u00e7\u00f5es paralelas III<\/a><\/strong><\/td><\/tr><tr><td>12h25 \u2013 13h25<\/td><td><strong>Confer\u00eancia Plen\u00e1ria<\/strong><br><em>Perceberam?<\/em><br>Rui Correia, AE Raul Proen\u00e7a &#8211; Caldas da Rainha, vencedor do\u00a0Global Teacher Prize Portugal 2019<br>Moderadora | Cristina Leandro<\/td><\/tr><tr><td>13h30<\/td><td>Sess\u00e3o de encerramento<\/td><\/tr><\/tbody><\/table><\/figure>\n","protected":false},"excerpt":{"rendered":"<p>Programa VIII EIPE &#8211; 2024 Programa geral (dispon\u00edvel para descarregar em PDF) Sexta-feira, 19 de abril 2024 8h20 Abertura do secretariado do evento 9h00 Sess\u00e3o&hellip;<\/p>\n","protected":false},"author":2,"featured_media":0,"parent":0,"menu_order":0,"comment_status":"closed","ping_status":"closed","template":"","meta":{"footnotes":""},"class_list":["post-63","page","type-page","status-publish","hentry"],"_links":{"self":[{"href":"https:\/\/eventos.esec.pt\/eipe2024\/wp-json\/wp\/v2\/pages\/63","targetHints":{"allow":["GET"]}}],"collection":[{"href":"https:\/\/eventos.esec.pt\/eipe2024\/wp-json\/wp\/v2\/pages"}],"about":[{"href":"https:\/\/eventos.esec.pt\/eipe2024\/wp-json\/wp\/v2\/types\/page"}],"author":[{"embeddable":true,"href":"https:\/\/eventos.esec.pt\/eipe2024\/wp-json\/wp\/v2\/users\/2"}],"replies":[{"embeddable":true,"href":"https:\/\/eventos.esec.pt\/eipe2024\/wp-json\/wp\/v2\/comments?post=63"}],"version-history":[{"count":16,"href":"https:\/\/eventos.esec.pt\/eipe2024\/wp-json\/wp\/v2\/pages\/63\/revisions"}],"predecessor-version":[{"id":277,"href":"https:\/\/eventos.esec.pt\/eipe2024\/wp-json\/wp\/v2\/pages\/63\/revisions\/277"}],"wp:attachment":[{"href":"https:\/\/eventos.esec.pt\/eipe2024\/wp-json\/wp\/v2\/media?parent=63"}],"curies":[{"name":"wp","href":"https:\/\/api.w.org\/{rel}","templated":true}]}}

<p><strong>Programa VIII EIPE &#8211; 2024</strong></p>



<p>Programa geral (disponível para <a href="https://eventos.esec.pt/eipe2024/wp-content/uploads/2024/04/Programa-detalhado.pdf">descarregar em PDF</a>)</p>



<figure class="wp-block-table is-style-stripes"><table><thead><tr><th></th><th><strong>Sexta-feira, 19 de abril</strong> <strong>2024</strong></th></tr></thead><tbody><tr><td>8h20</td><td>Abertura do secretariado do evento</td></tr><tr><td>9h00</td><td><strong>Sessão de abertura</strong><br>Jorge Conde, Presidente do Instituto Politécnico de Coimbra<br>Rui Antunes, Presidente da Escola Superior de Educação de Coimbra<br>Ana Santiago, Organização do EIPE 2024</td></tr><tr><td>9h30 – 10h30</td><td><strong>Conferência Plenária</strong><br><em>Reinventar a Formação Inicial de Professores em Portugal: Desafios e Oportunidades em Contextos Transformadores</em><br>Luís Tinoca, Instituto de Educação da Universidade de Lisboa<br>Moderadora | Sofia Gonçalves</td></tr><tr><td>10h30 – 10h45</td><td><strong>Pausa para café</strong></td></tr><tr><td>10h45 – 12h15</td><td><strong><a href="https://eventos.esec.pt/eipe2024/wp-content/uploads/2024/04/EIPE-2024-COMUNICACOES-PARALELAS-I.pdf">Comunicações paralelas I</a></strong></td></tr><tr><td>12h15 – 14h00</td><td><strong>Pausa para almoço</strong></td></tr><tr><td>14h00– 16h00</td><td><strong><a href="https://eventos.esec.pt/eipe2024/wp-content/uploads/2024/04/EIPE-2024-WORKSHOPS-PARALELOS.pdf">Workshops paralelos</a></strong> (<a href="https://eventos.esec.pt/eipe2024/inscricoes/">inscrições disponíveis</a>)</td></tr><tr><td>16h00 – 16h30</td><td><strong>Pausa para café</strong></td></tr><tr><td>16h30 – 18h00</td><td><strong>Mesa Redonda</strong><br><em>Contextos Transformadores em Educação: Visões Partilhadas</em><br>Pedro Patacho, Câmara Municipal de Oeiras<br>Filipa Cunha, TUMO – Coimbra<br>Carlos Santos, Universidade de Aveiro<br>Moderadora | Joana Chélinho</td></tr></tbody></table></figure>



<figure class="wp-block-table is-style-stripes"><table><thead><tr><th></th><th><strong>Sábado, 20 de abril</strong> <strong>2024</strong></th></tr></thead><tbody><tr><td>9h30 – 11h00</td><td><strong><a href="https://eventos.esec.pt/eipe2024/wp-content/uploads/2024/04/EIPE-2024-COMUNICACOES-PARALELAS-II.pdf">Comunicações paralelas II</a></strong></td></tr><tr><td>11h00 – 11h15</td><td><strong>Pausa para café</strong></td></tr><tr><td>11h15 – 12h15</td><td><strong><a href="https://eventos.esec.pt/eipe2024/wp-content/uploads/2024/04/EIPE-2024-COMUNICACOES-PARALELAS-III.pdf">Comunicações paralelas III</a></strong></td></tr><tr><td>12h25 – 13h25</td><td><strong>Conferência Plenária</strong><br><em>Perceberam?</em><br>Rui Correia, AE Raul Proença &#8211; Caldas da Rainha, vencedor do Global Teacher Prize Portugal 2019<br>Moderadora | Cristina Leandro</td></tr><tr><td>13h30</td><td>Sessão de encerramento</td></tr></tbody></table></figure>

<p>Programa VIII EIPE &#8211; 2024 Programa geral (disponível para descarregar em PDF) Sexta-feira, 19 de abril 2024 8h20 Abertura do secretariado do evento 9h00 Sessão&hellip;</p>
