{"id":2,"date":"2023-10-27T15:57:17","date_gmt":"2023-10-27T15:57:17","guid":{"rendered":"https:\/\/eventos.esec.pt\/eipe2024\/?page_id=2"},"modified":"2024-05-28T15:23:31","modified_gmt":"2024-05-28T15:23:31","slug":"pagina-exemplo","status":"publish","type":"page","link":"https:\/\/eventos.esec.pt\/eipe2024\/","title":{"rendered":"Apresenta\u00e7\u00e3o"},"content":{"rendered":"\n<p>O EIPE \u2013 Encontro de Investiga\u00e7\u00e3o e Pr\u00e1ticas em Educa\u00e7\u00e3o \u00e9 um&nbsp;Encontro de reflex\u00e3o no \u00e2mbito da forma\u00e7\u00e3o e investiga\u00e7\u00e3o em diferentes contextos de Educa\u00e7\u00e3o de Inf\u00e2ncia e Ensino do 1\u00ba e 2\u00ba CEB. Constitui uma oportunidade para a divulga\u00e7\u00e3o e partilha de experi\u00eancias pedag\u00f3gicas e a dinamiza\u00e7\u00e3o de oficinas de forma\u00e7\u00e3o. Nesse sentido, pretende ser um espa\u00e7o de di\u00e1logo entre investigadoras\/es, educadoras\/es e professoras\/es, bem como entre todas\/os aquelas\/es que desejem participar no Encontro.&nbsp;<\/p>\n\n\n\n<p>Numa perspetiva interdisciplinar, articulada e transformadora \u00e9 prop\u00f3sito do EIPE dar a conhecer e trazer \u00e0 discuss\u00e3o diferentes percursos no \u00e2mbito das pol\u00edticas educativas, desenvolvimento curricular e pr\u00e1ticas de forma\u00e7\u00e3o inicial de professores\/as e educadores\/as nas v\u00e1rias \u00e1reas do saber.<\/p>\n\n\n\n<h2 class=\"wp-block-heading\">Tema<\/h2>\n\n\n\n<blockquote class=\"wp-block-quote is-layout-flow wp-block-quote-is-layout-flow\">\n<p>Contextos Transformadores em Educa\u00e7\u00e3o: Vis\u00f5es Partilhadas<\/p>\n<\/blockquote>\n\n\n\n<h2 class=\"wp-block-heading\">Oradores<\/h2>\n\n\n\n<figure class=\"wp-block-gallery has-nested-images columns-5 is-cropped wp-block-gallery-6 is-layout-flex wp-block-gallery-is-layout-flex\">\n<figure class=\"wp-block-image size-large wp-duotone-000000-ffffff-1\"><a href=\"https:\/\/eventos.esec.pt\/eipe2024\/wp-content\/uploads\/2024\/04\/biog_Luis-Tinoca.pdf\"><img loading=\"lazy\" decoding=\"async\" width=\"2098\" height=\"2797\" data-id=\"206\" src=\"https:\/\/eventos.esec.pt\/eipe2024\/wp-content\/uploads\/2024\/03\/Luis-Tinoca.jpeg\" alt=\"\" class=\"wp-image-206\"\/><\/a><figcaption class=\"wp-element-caption\">Lu\u00eds Tinoca, Instituto de Educa\u00e7\u00e3o da Universidade de Lisboa<\/figcaption><\/figure>\n\n\n\n<figure class=\"wp-block-image size-large wp-duotone-000000-ffffff-2\"><a href=\"https:\/\/eventos.esec.pt\/eipe2024\/wp-content\/uploads\/2024\/04\/biog_Pedro-Patacho.pdf\"><img loading=\"lazy\" decoding=\"async\" width=\"570\" height=\"428\" data-id=\"190\" src=\"https:\/\/eventos.esec.pt\/eipe2024\/wp-content\/uploads\/2024\/03\/Mesa-Redonda-Pedro-Patacho.jpg\" alt=\"\" class=\"wp-image-190\"\/><\/a><figcaption class=\"wp-element-caption\">Pedro Patacho, C\u00e2mara Municipal de Oeiras<\/figcaption><\/figure>\n\n\n\n<figure class=\"wp-block-image size-full wp-duotone-000000-ffffff-3\"><a href=\"https:\/\/eventos.esec.pt\/eipe2024\/wp-content\/uploads\/2024\/04\/biog_Filipa-Cunha.pdf\"><img loading=\"lazy\" decoding=\"async\" width=\"2048\" height=\"1365\" data-id=\"222\" src=\"https:\/\/eventos.esec.pt\/eipe2024\/wp-content\/uploads\/2024\/04\/Filipa-Cunha.png\" alt=\"\" class=\"wp-image-222\"\/><\/a><figcaption class=\"wp-element-caption\">Filipa Cunha, TUMO \u2013 Coimbra<\/figcaption><\/figure>\n\n\n\n<figure class=\"wp-block-image size-large wp-duotone-000000-ffffff-4\"><a href=\"https:\/\/eventos.esec.pt\/eipe2024\/wp-content\/uploads\/2024\/04\/biog_Carlos-Santos.pdf\"><img loading=\"lazy\" decoding=\"async\" width=\"700\" height=\"700\" data-id=\"196\" src=\"https:\/\/eventos.esec.pt\/eipe2024\/wp-content\/uploads\/2024\/03\/carlossantos.jpeg\" alt=\"\" class=\"wp-image-196\"\/><\/a><figcaption class=\"wp-element-caption\">Carlos Santos, Universidade de Aveiro<\/figcaption><\/figure>\n\n\n\n<figure class=\"wp-block-image size-large wp-duotone-000000-ffffff-5\"><a href=\"https:\/\/eventos.esec.pt\/eipe2024\/wp-content\/uploads\/2024\/04\/biog_Rui-Correia.pdf\"><img loading=\"lazy\" decoding=\"async\" width=\"3024\" height=\"4032\" data-id=\"207\" src=\"https:\/\/eventos.esec.pt\/eipe2024\/wp-content\/uploads\/2024\/03\/Rui-Correia.jpg\" alt=\"\" class=\"wp-image-207\"\/><\/a><figcaption class=\"wp-element-caption\">Rui Correia, AE Raul Proen\u00e7a &#8211;  Caldas da Rainha<\/figcaption><\/figure>\n<\/figure>\n\n\n\n<h2 class=\"wp-block-heading\">Objetivos<\/h2>\n\n\n\n<ul class=\"wp-block-list\">\n<li>Promover a partilha de pr\u00e1ticas e investiga\u00e7\u00f5es realizadas em diferentes contextos educativos.<\/li>\n\n\n\n<li>Proporcionar forma\u00e7\u00e3o relacionada com a tem\u00e1tica do Encontro.<\/li>\n\n\n\n<li>Perspetivar a reflex\u00e3o e a investiga\u00e7\u00e3o como caminhos para a transforma\u00e7\u00e3o das pr\u00e1ticas em Educa\u00e7\u00e3o.<\/li>\n<\/ul>\n\n\n\n<h2 class=\"wp-block-heading\">Destinat\u00e1rios<\/h2>\n\n\n\n<ul class=\"wp-block-list\">\n<li>Estudantes dos cursos em Educa\u00e7\u00e3o B\u00e1sica e Mestrados em Educa\u00e7\u00e3o Pr\u00e9-Escolar e Ensino de 1\u00ba e 2\u00ba CEB;<\/li>\n\n\n\n<li>Educadoras\/es e Professoras\/es Cooperantes no \u00e2mbito dos protocolos da ESEC<\/li>\n\n\n\n<li>Estudantes e profissionais na \u00e1rea da Educa\u00e7\u00e3o<\/li>\n\n\n\n<li>Outras\/os participantes interessadas\/os na tem\u00e1tica do Encontro<\/li>\n<\/ul>\n\n\n\n<h2 class=\"wp-block-heading\">Datas Importantes<\/h2>\n\n\n\n<ul class=\"wp-block-list\">\n<li>02\/02\/2024: submiss\u00e3o de resumos<\/li>\n\n\n\n<li>11\/03\/2024: notifica\u00e7\u00e3o aos autores<\/li>\n\n\n\n<li>25\/03\/2024: submiss\u00e3o da vers\u00e3o revista dos resumos<\/li>\n\n\n\n<li><mark style=\"background-color:#abb8c3\" class=\"has-inline-color has-white-color\">Nova data 05\/06\/2024<\/mark><mark style=\"background-color:#abb8c3\" class=\"has-inline-color\"> <\/mark><mark style=\"background-color:#ffffff\" class=\"has-inline-color has-black-color\"> <\/mark><s><mark style=\"background-color:#ffffff\" class=\"has-inline-color has-cyan-bluish-gray-color\">27\/05\/2024<\/mark><\/s><mark style=\"background-color:#abb8c3\" class=\"has-inline-color has-white-color\">: submiss\u00e3o dos textos (<a href=\"https:\/\/eventos.esec.pt\/eipe2024\/wp-content\/uploads\/2024\/05\/EIPE8_texto_Apelidos-Template-1.docx\">Template texto<\/a>) <\/mark><\/li>\n\n\n\n<li>08\/07\/2024: notifica\u00e7\u00e3o aos autores da aceita\u00e7\u00e3o dos textos<\/li>\n\n\n\n<li>22\/07\/2024: submiss\u00e3o da vers\u00e3o revista dos textos<\/li>\n\n\n\n<li>outubro\/novembro de 2024: edi\u00e7\u00e3o do livro do EIPE 2024<\/li>\n<\/ul>\n","protected":false},"excerpt":{"rendered":"<p>O EIPE \u2013 Encontro de Investiga\u00e7\u00e3o e Pr\u00e1ticas em Educa\u00e7\u00e3o \u00e9 um&nbsp;Encontro de reflex\u00e3o no \u00e2mbito da forma\u00e7\u00e3o e investiga\u00e7\u00e3o em diferentes contextos de Educa\u00e7\u00e3o&hellip;<\/p>\n","protected":false},"author":3,"featured_media":0,"parent":0,"menu_order":0,"comment_status":"closed","ping_status":"closed","template":"","meta":{"footnotes":""},"class_list":["post-2","page","type-page","status-publish","hentry"],"_links":{"self":[{"href":"https:\/\/eventos.esec.pt\/eipe2024\/wp-json\/wp\/v2\/pages\/2","targetHints":{"allow":["GET"]}}],"collection":[{"href":"https:\/\/eventos.esec.pt\/eipe2024\/wp-json\/wp\/v2\/pages"}],"about":[{"href":"https:\/\/eventos.esec.pt\/eipe2024\/wp-json\/wp\/v2\/types\/page"}],"author":[{"embeddable":true,"href":"https:\/\/eventos.esec.pt\/eipe2024\/wp-json\/wp\/v2\/users\/3"}],"replies":[{"embeddable":true,"href":"https:\/\/eventos.esec.pt\/eipe2024\/wp-json\/wp\/v2\/comments?post=2"}],"version-history":[{"count":20,"href":"https:\/\/eventos.esec.pt\/eipe2024\/wp-json\/wp\/v2\/pages\/2\/revisions"}],"predecessor-version":[{"id":302,"href":"https:\/\/eventos.esec.pt\/eipe2024\/wp-json\/wp\/v2\/pages\/2\/revisions\/302"}],"wp:attachment":[{"href":"https:\/\/eventos.esec.pt\/eipe2024\/wp-json\/wp\/v2\/media?parent=2"}],"curies":[{"name":"wp","href":"https:\/\/api.w.org\/{rel}","templated":true}]}}