{"id":47,"date":"2022-02-04T18:00:26","date_gmt":"2022-02-04T18:00:26","guid":{"rendered":"https:\/\/eventos.esec.pt\/eipe\/?page_id=47"},"modified":"2022-04-12T10:45:08","modified_gmt":"2022-04-12T10:45:08","slug":"apresentacao","status":"publish","type":"page","link":"https:\/\/eventos.esec.pt\/eipe\/","title":{"rendered":"Apresenta\u00e7\u00e3o"},"content":{"rendered":"\n<p>O EIPE \u00e9 um&nbsp;Encontro de reflex\u00e3o e divulga\u00e7\u00e3o de projetos no \u00e2mbito da forma\u00e7\u00e3o e investiga\u00e7\u00e3o em contextos de Educa\u00e7\u00e3o de Inf\u00e2ncia e Ensino de 1\u00ba e 2\u00ba CEB. Constitui uma oportunidade para a partilha de trabalhos e projetos e a dinamiza\u00e7\u00e3o de oficinas de forma\u00e7\u00e3o. Nesse sentido, pretende ser um espa\u00e7o de di\u00e1logo entre investigadoras\/es, educadoras\/es e professoras\/es, bem como entre todas\/os aquelas\/es que desejem participar no Encontro.<\/p>\n\n\n\n<h3 class=\"wp-block-heading\" id=\"tema\">Tema<\/h3>\n\n\n\n<blockquote class=\"wp-block-quote is-layout-flow wp-block-quote-is-layout-flow\"><p><em><strong>A Escola em transforma\u00e7\u00e3o: Forma\u00e7\u00e3o e pr\u00e1tica docente<\/strong><\/em><\/p><\/blockquote>\n\n\n\n<h3 class=\"wp-block-heading\">Palestrantes convidados<\/h3>\n\n\n\n<figure class=\"wp-block-gallery has-nested-images columns-4 is-cropped wp-block-gallery-9 is-layout-flex wp-block-gallery-is-layout-flex\">\n<figure class=\"wp-block-image size-large is-style-default wp-duotone-000000-ffffff-1\"><img loading=\"lazy\" decoding=\"async\" width=\"136\" height=\"136\" data-id=\"166\" src=\"https:\/\/eventos.esec.pt\/eipe\/wp-content\/uploads\/2022\/03\/Nadia-Ferreira.png\" alt=\"\" class=\"wp-image-166\"\/><figcaption>N\u00e1dia Ferreira<\/figcaption><\/figure>\n\n\n\n<figure class=\"wp-block-image size-large is-style-default wp-duotone-000000-ffffff-2\"><img loading=\"lazy\" decoding=\"async\" width=\"255\" height=\"314\" data-id=\"167\" src=\"https:\/\/eventos.esec.pt\/eipe\/wp-content\/uploads\/2022\/03\/Rosa-Maia.png\" alt=\"\" class=\"wp-image-167\"\/><figcaption>Rosa Maia<\/figcaption><\/figure>\n\n\n\n<figure class=\"wp-block-image size-full is-style-default wp-duotone-000000-ffffff-3\"><img loading=\"lazy\" decoding=\"async\" width=\"220\" height=\"220\" data-id=\"263\" src=\"https:\/\/eventos.esec.pt\/eipe\/wp-content\/uploads\/2022\/04\/Euse\u0301bio-Andre\u0301-Machado.jpg\" alt=\"\" class=\"wp-image-263\"\/><figcaption>Eus\u00e9bio Andr\u00e9 Machado<\/figcaption><\/figure>\n\n\n\n<figure class=\"wp-block-image size-large wp-duotone-000000-ffffff-4\"><img loading=\"lazy\" decoding=\"async\" width=\"1536\" height=\"1536\" data-id=\"285\" src=\"https:\/\/eventos.esec.pt\/eipe\/wp-content\/uploads\/2022\/04\/rui-mendes.jpeg\" alt=\"\" class=\"wp-image-285\"\/><figcaption>Rui Mendes<\/figcaption><\/figure>\n\n\n\n<figure class=\"wp-block-image size-large is-style-default wp-duotone-000000-ffffff-5\"><img loading=\"lazy\" decoding=\"async\" width=\"100\" height=\"117\" data-id=\"165\" src=\"https:\/\/eventos.esec.pt\/eipe\/wp-content\/uploads\/2022\/03\/Maria-Helena-Damiao.png\" alt=\"\" class=\"wp-image-165\"\/><figcaption>Maria Helena Dami\u00e3o<\/figcaption><\/figure>\n\n\n\n<figure class=\"wp-block-image size-large wp-duotone-000000-ffffff-6\"><img loading=\"lazy\" decoding=\"async\" width=\"212\" height=\"238\" data-id=\"275\" src=\"https:\/\/eventos.esec.pt\/eipe\/wp-content\/uploads\/2022\/04\/Rui-Trindade.jpg\" alt=\"\" class=\"wp-image-275\"\/><figcaption>Rui Trindade<\/figcaption><\/figure>\n\n\n\n<figure class=\"wp-block-image size-large wp-duotone-000000-ffffff-7\"><img loading=\"lazy\" decoding=\"async\" width=\"182\" height=\"191\" data-id=\"383\" src=\"https:\/\/eventos.esec.pt\/eipe\/wp-content\/uploads\/2022\/05\/Marta-Esteves.png\" alt=\"\" class=\"wp-image-383\"\/><figcaption>Marta Esteves<\/figcaption><\/figure>\n\n\n\n<figure class=\"wp-block-image size-large wp-duotone-000000-ffffff-8\"><img loading=\"lazy\" decoding=\"async\" width=\"3120\" height=\"4160\" data-id=\"384\" src=\"https:\/\/eventos.esec.pt\/eipe\/wp-content\/uploads\/2022\/05\/Nuno-Dias.jpg\" alt=\"\" class=\"wp-image-384\"\/><figcaption>Nuno Dias<\/figcaption><\/figure>\n<\/figure>\n\n\n\n<h3 class=\"wp-block-heading\" id=\"eixos-tematicos\">Eixos tem\u00e1ticos<\/h3>\n\n\n\n<ul class=\"wp-block-list\"><li><strong>Eixo 1:<\/strong>&nbsp;Pol\u00edticas Educativas e Desenvolvimento Curricular<\/li><li><strong>Eixo 2:<\/strong>&nbsp;Pr\u00e1ticas de Supervis\u00e3o em Educa\u00e7\u00e3o<\/li><li><strong>Eixo 3:<\/strong>&nbsp;Dos M\u00e9todos \u00e0s Did\u00e1ticas Espec\u00edficas<\/li><\/ul>\n\n\n\n<h3 class=\"wp-block-heading\" id=\"objetivos-do-encontro\">Objetivos do Encontro<\/h3>\n\n\n\n<ul class=\"wp-block-list\"><li>Promover a partilha de pr\u00e1ticas e investiga\u00e7\u00f5es realizadas em contextos educacionais.<\/li><li>Proporcionar forma\u00e7\u00e3o relacionada com a tem\u00e1tica do Encontro.<\/li><li>Perspetivar a investiga\u00e7\u00e3o como agente de transforma\u00e7\u00e3o das pr\u00e1ticas em Educa\u00e7\u00e3o.<\/li><\/ul>\n\n\n\n<h3 class=\"wp-block-heading\" id=\"destinatarias-os\">Destinat\u00e1rias\/os<\/h3>\n\n\n\n<ul class=\"wp-block-list\"><li>Estudantes dos cursos em Educa\u00e7\u00e3o B\u00e1sica e Mestrados em Educa\u00e7\u00e3o Pr\u00e9-Escolar e Ensino de 1\u00ba e 2\u00ba CEB;<\/li><li>Educadoras\/es e Professoras\/es Cooperantes no \u00e2mbito dos protocolos da ESEC<\/li><li>Outras\/os participantes interessadas\/os na tem\u00e1tica do Encontro<\/li><\/ul>\n","protected":false},"excerpt":{"rendered":"<p>O EIPE \u00e9 um&nbsp;Encontro de reflex\u00e3o e divulga\u00e7\u00e3o de projetos no \u00e2mbito da forma\u00e7\u00e3o e investiga\u00e7\u00e3o em contextos de Educa\u00e7\u00e3o de Inf\u00e2ncia e Ensino de&hellip;<\/p>\n","protected":false},"author":2,"featured_media":0,"parent":0,"menu_order":0,"comment_status":"closed","ping_status":"closed","template":"","meta":{"footnotes":""},"class_list":["post-47","page","type-page","status-publish","hentry"],"_links":{"self":[{"href":"https:\/\/eventos.esec.pt\/eipe\/index.php?rest_route=\/wp\/v2\/pages\/47","targetHints":{"allow":["GET"]}}],"collection":[{"href":"https:\/\/eventos.esec.pt\/eipe\/index.php?rest_route=\/wp\/v2\/pages"}],"about":[{"href":"https:\/\/eventos.esec.pt\/eipe\/index.php?rest_route=\/wp\/v2\/types\/page"}],"author":[{"embeddable":true,"href":"https:\/\/eventos.esec.pt\/eipe\/index.php?rest_route=\/wp\/v2\/users\/2"}],"replies":[{"embeddable":true,"href":"https:\/\/eventos.esec.pt\/eipe\/index.php?rest_route=%2Fwp%2Fv2%2Fcomments&post=47"}],"version-history":[{"count":9,"href":"https:\/\/eventos.esec.pt\/eipe\/index.php?rest_route=\/wp\/v2\/pages\/47\/revisions"}],"predecessor-version":[{"id":290,"href":"https:\/\/eventos.esec.pt\/eipe\/index.php?rest_route=\/wp\/v2\/pages\/47\/revisions\/290"}],"wp:attachment":[{"href":"https:\/\/eventos.esec.pt\/eipe\/index.php?rest_route=%2Fwp%2Fv2%2Fmedia&parent=47"}],"curies":[{"name":"wp","href":"https:\/\/api.w.org\/{rel}","templated":true}]}}