{"id":411,"date":"2023-02-13T15:07:12","date_gmt":"2023-02-13T15:07:12","guid":{"rendered":"https:\/\/eventos.esec.pt\/eipe\/?page_id=411"},"modified":"2024-02-19T14:36:11","modified_gmt":"2024-02-19T14:36:11","slug":"publicacao","status":"publish","type":"page","link":"https:\/\/eventos.esec.pt\/eipe\/?page_id=411","title":{"rendered":"Publica\u00e7\u00e3o"},"content":{"rendered":"\n<p><\/p>\n\n\n\n<p><span style=\"text-decoration: underline;\"><em><a href=\"https:\/\/eventos.esec.pt\/eipe\/wp-content\/uploads\/2023\/02\/EIPE2022_-Publicacao_A-Escola-em-transformacao-VF.pdf\">A Escola em transforma\u00e7\u00e3o: Forma\u00e7\u00e3o e pr\u00e1tica<\/a><\/em> <em><a href=\"https:\/\/eventos.esec.pt\/eipe\/wp-content\/uploads\/2023\/02\/EIPE2022_-Publicacao_A-Escola-em-transformacao-VF.pdf\">docente<\/a><\/em><\/span><\/p>\n\n\n\n<p><\/p>\n\n\n\n<h3 class=\"wp-block-heading\">Ficha T\u00e9cnica<\/h3>\n\n\n\n<p>A Escola em transforma\u00e7\u00e3o: Forma\u00e7\u00e3o e pr\u00e1tica docente<br>Produ\u00e7\u00e3o: Instituto Polit\u00e9cnico de Coimbra. Escola Superior de Educa\u00e7\u00e3o<br>ISBN: 978-989-99491-3-3<br>Suporte: Eletr\u00f3nico<br>Formato: PDF \/ PDF\/A<br>Copyright Todos os direitos reservados ao Instituto Polit\u00e9cnico de Coimbra &#8211; Escola Superior de Educa\u00e7\u00e3o. \u00c9 proibida a reprodu\u00e7\u00e3o total ou parcial, de artigos, gr\u00e1ficos ou fotografias. Os textos s\u00e3o de exclusividade e responsabilidade dos seus autores e das suas autoras<br>Dezembro, 2022<\/p>\n\n\n\n<p><\/p>\n\n\n\n<p><em><a href=\"https:\/\/eventos.esec.pt\/eipe\/wp-content\/uploads\/2023\/02\/EIPE2022_-Publicacao_A-Escola-em-transformacao-VF.pdf\"><span style=\"text-decoration: underline;\"><\/span><\/a><\/em><\/p>\n","protected":false},"excerpt":{"rendered":"<p>A Escola em transforma\u00e7\u00e3o: Forma\u00e7\u00e3o e pr\u00e1tica docente Ficha T\u00e9cnica A Escola em transforma\u00e7\u00e3o: Forma\u00e7\u00e3o e pr\u00e1tica docenteProdu\u00e7\u00e3o: Instituto Polit\u00e9cnico de Coimbra. Escola Superior de&hellip;<\/p>\n","protected":false},"author":3,"featured_media":0,"parent":0,"menu_order":0,"comment_status":"closed","ping_status":"closed","template":"","meta":{"footnotes":""},"class_list":["post-411","page","type-page","status-publish","hentry"],"_links":{"self":[{"href":"https:\/\/eventos.esec.pt\/eipe\/index.php?rest_route=\/wp\/v2\/pages\/411","targetHints":{"allow":["GET"]}}],"collection":[{"href":"https:\/\/eventos.esec.pt\/eipe\/index.php?rest_route=\/wp\/v2\/pages"}],"about":[{"href":"https:\/\/eventos.esec.pt\/eipe\/index.php?rest_route=\/wp\/v2\/types\/page"}],"author":[{"embeddable":true,"href":"https:\/\/eventos.esec.pt\/eipe\/index.php?rest_route=\/wp\/v2\/users\/3"}],"replies":[{"embeddable":true,"href":"https:\/\/eventos.esec.pt\/eipe\/index.php?rest_route=%2Fwp%2Fv2%2Fcomments&post=411"}],"version-history":[{"count":3,"href":"https:\/\/eventos.esec.pt\/eipe\/index.php?rest_route=\/wp\/v2\/pages\/411\/revisions"}],"predecessor-version":[{"id":420,"href":"https:\/\/eventos.esec.pt\/eipe\/index.php?rest_route=\/wp\/v2\/pages\/411\/revisions\/420"}],"wp:attachment":[{"href":"https:\/\/eventos.esec.pt\/eipe\/index.php?rest_route=%2Fwp%2Fv2%2Fmedia&parent=411"}],"curies":[{"name":"wp","href":"https:\/\/api.w.org\/{rel}","templated":true}]}}

Publicação

<p></p>



<p><span style="text-decoration: underline;"><em><a href="https://eventos.esec.pt/eipe/wp-content/uploads/2023/02/EIPE2022_-Publicacao_A-Escola-em-transformacao-VF.pdf">A Escola em transformação: Formação e prática</a></em> <em><a href="https://eventos.esec.pt/eipe/wp-content/uploads/2023/02/EIPE2022_-Publicacao_A-Escola-em-transformacao-VF.pdf">docente</a></em></span></p>



<p></p>



<h3 class="wp-block-heading">Ficha Técnica</h3>



<p>A Escola em transformação: Formação e prática docente<br>Produção: Instituto Politécnico de Coimbra. Escola Superior de Educação<br>ISBN: 978-989-99491-3-3<br>Suporte: Eletrónico<br>Formato: PDF / PDF/A<br>Copyright Todos os direitos reservados ao Instituto Politécnico de Coimbra &#8211; Escola Superior de Educação. É proibida a reprodução total ou parcial, de artigos, gráficos ou fotografias. Os textos são de exclusividade e responsabilidade dos seus autores e das suas autoras<br>Dezembro, 2022</p>



<p></p>



<p><em><a href="https://eventos.esec.pt/eipe/wp-content/uploads/2023/02/EIPE2022_-Publicacao_A-Escola-em-transformacao-VF.pdf"><span style="text-decoration: underline;"></span></a></em></p>

<p>A Escola em transformação: Formação e prática docente Ficha Técnica A Escola em transformação: Formação e prática docenteProdução: Instituto Politécnico de Coimbra. Escola Superior de&hellip;</p>
