{"id":312,"date":"2022-04-27T10:48:53","date_gmt":"2022-04-27T10:48:53","guid":{"rendered":"https:\/\/eventos.esec.pt\/eipe\/?page_id=312"},"modified":"2022-05-03T18:22:59","modified_gmt":"2022-05-03T18:22:59","slug":"acreditacao","status":"publish","type":"page","link":"https:\/\/eventos.esec.pt\/eipe\/?page_id=312","title":{"rendered":"Acredita\u00e7\u00e3o"},"content":{"rendered":"\n<p>O\u00a0<strong>EIPE &#8211; Encontro de Investiga\u00e7\u00e3o e Pr\u00e1ticas em Educa\u00e7\u00e3o<\/strong>\u00a0encontra-se\u00a0<strong>acreditado<\/strong>\u00a0pelo Conselho Cient\u00edfico-Pedag\u00f3gico da Forma\u00e7\u00e3o Cont\u00ednua (CCPFC), com os seguintes dados:<\/p>\n\n\n\n<p><strong>Encontro de Investiga\u00e7\u00e3o e Pr\u00e1ticas em Educa\u00e7\u00e3o<\/strong><br><strong>N\u00ba de horas de forma\u00e7\u00e3o acreditadas:<\/strong>\u00a016<br><strong>Registo de acredita\u00e7\u00e3o:<\/strong>\u00a0CCPFC\/ACC-107411\/20<br><strong>Prazo de validade para efeitos de in\u00edcio da a\u00e7\u00e3o:<\/strong>\u00a0at\u00e9 10 de fevereiro de 2023<\/p>\n\n\n\n<p>Para os efeitos previstos no n\u00ba1 do art\u00ba 8\u00ba do Regime Jur\u00eddico da Forma\u00e7\u00e3o Cont\u00ednua de Professores, a presente a\u00e7\u00e3o releva para efeitos de progress\u00e3o em carreira de Educadores de Inf\u00e2ncia, Professores dos 1\u00ba e 2\u00ba Ciclo do Ensino B\u00e1sico e Professores de Educa\u00e7\u00e3o Especial.<\/p>\n\n\n\n<p>Para efeitos de aplica\u00e7\u00e3o do art\u00ba 9\u00ba do Regime Jur\u00eddico da Forma\u00e7\u00e3o Cont\u00ednua de Professores (dimens\u00e3o cient\u00edfica e pedag\u00f3gica), a presente a\u00e7\u00e3o n\u00e3o releva para a progress\u00e3o em carreira.<\/p>\n\n\n\n<p><strong>Destinat\u00e1rios:<\/strong>&nbsp;Educadores de Inf\u00e2ncia, Professores dos 1\u00ba e 2\u00ba Ciclo do Ensino B\u00e1sico e Professores de Educa\u00e7\u00e3o Especial<\/p>\n\n\n\n<h3 class=\"wp-block-heading\"><strong>Certificado com Acredita\u00e7\u00e3o<\/strong><\/h3>\n\n\n\n<p>Caso seja eleg\u00edvel e pretenda certificado de Acredita\u00e7\u00e3o pelo Conselho Cient\u00edfico-Pedag\u00f3gico da Forma\u00e7\u00e3o Cont\u00ednua (CCPFC), dever\u00e1 preencher a <a rel=\"noreferrer noopener\" href=\"https:\/\/machform.esec.pt\/view.php?id=121396\" target=\"_blank\"><strong><span style=\"text-decoration: underline;\">Ficha de Formando<\/span><\/strong><\/a>.<\/p>\n\n\n\n<h3 class=\"wp-block-heading\">Crit\u00e9rios de avalia\u00e7\u00e3o e atribui\u00e7\u00e3o de certificado<\/h3>\n\n\n\n<p>Todas as informa\u00e7\u00f5es relativas aos requisitos para obten\u00e7\u00e3o do certificado com acredita\u00e7\u00e3o pelo CCPFC, dever\u00e3o ser consultados <a href=\"https:\/\/eventos.esec.pt\/eipe\/wp-content\/uploads\/2022\/05\/EIPE-2022-Acreditacao-Informacoes.pdf\" target=\"_blank\" rel=\"noreferrer noopener\"><span style=\"text-decoration: underline;\"><strong>AQUI<\/strong><\/span><\/a>.<\/p>\n\n\n\n<p><\/p>\n","protected":false},"excerpt":{"rendered":"<p>O\u00a0EIPE &#8211; Encontro de Investiga\u00e7\u00e3o e Pr\u00e1ticas em Educa\u00e7\u00e3o\u00a0encontra-se\u00a0acreditado\u00a0pelo Conselho Cient\u00edfico-Pedag\u00f3gico da Forma\u00e7\u00e3o Cont\u00ednua (CCPFC), com os seguintes dados: Encontro de Investiga\u00e7\u00e3o e Pr\u00e1ticas em&hellip;<\/p>\n","protected":false},"author":5,"featured_media":0,"parent":0,"menu_order":0,"comment_status":"closed","ping_status":"closed","template":"","meta":{"footnotes":""},"class_list":["post-312","page","type-page","status-publish","hentry"],"_links":{"self":[{"href":"https:\/\/eventos.esec.pt\/eipe\/index.php?rest_route=\/wp\/v2\/pages\/312","targetHints":{"allow":["GET"]}}],"collection":[{"href":"https:\/\/eventos.esec.pt\/eipe\/index.php?rest_route=\/wp\/v2\/pages"}],"about":[{"href":"https:\/\/eventos.esec.pt\/eipe\/index.php?rest_route=\/wp\/v2\/types\/page"}],"author":[{"embeddable":true,"href":"https:\/\/eventos.esec.pt\/eipe\/index.php?rest_route=\/wp\/v2\/users\/5"}],"replies":[{"embeddable":true,"href":"https:\/\/eventos.esec.pt\/eipe\/index.php?rest_route=%2Fwp%2Fv2%2Fcomments&post=312"}],"version-history":[{"count":5,"href":"https:\/\/eventos.esec.pt\/eipe\/index.php?rest_route=\/wp\/v2\/pages\/312\/revisions"}],"predecessor-version":[{"id":374,"href":"https:\/\/eventos.esec.pt\/eipe\/index.php?rest_route=\/wp\/v2\/pages\/312\/revisions\/374"}],"wp:attachment":[{"href":"https:\/\/eventos.esec.pt\/eipe\/index.php?rest_route=%2Fwp%2Fv2%2Fmedia&parent=312"}],"curies":[{"name":"wp","href":"https:\/\/api.w.org\/{rel}","templated":true}]}}

Acreditação

<p>O <strong>EIPE &#8211; Encontro de Investigação e Práticas em Educação</strong> encontra-se <strong>acreditado</strong> pelo Conselho Científico-Pedagógico da Formação Contínua (CCPFC), com os seguintes dados:</p>



<p><strong>Encontro de Investigação e Práticas em Educação</strong><br><strong>Nº de horas de formação acreditadas:</strong> 16<br><strong>Registo de acreditação:</strong> CCPFC/ACC-107411/20<br><strong>Prazo de validade para efeitos de início da ação:</strong> até 10 de fevereiro de 2023</p>



<p>Para os efeitos previstos no nº1 do artº 8º do Regime Jurídico da Formação Contínua de Professores, a presente ação releva para efeitos de progressão em carreira de Educadores de Infância, Professores dos 1º e 2º Ciclo do Ensino Básico e Professores de Educação Especial.</p>



<p>Para efeitos de aplicação do artº 9º do Regime Jurídico da Formação Contínua de Professores (dimensão científica e pedagógica), a presente ação não releva para a progressão em carreira.</p>



<p><strong>Destinatários:</strong>&nbsp;Educadores de Infância, Professores dos 1º e 2º Ciclo do Ensino Básico e Professores de Educação Especial</p>



<h3 class="wp-block-heading"><strong>Certificado com Acreditação</strong></h3>



<p>Caso seja elegível e pretenda certificado de Acreditação pelo Conselho Científico-Pedagógico da Formação Contínua (CCPFC), deverá preencher a <a rel="noreferrer noopener" href="https://machform.esec.pt/view.php?id=121396" target="_blank"><strong><span style="text-decoration: underline;">Ficha de Formando</span></strong></a>.</p>



<h3 class="wp-block-heading">Critérios de avaliação e atribuição de certificado</h3>



<p>Todas as informações relativas aos requisitos para obtenção do certificado com acreditação pelo CCPFC, deverão ser consultados <a href="https://eventos.esec.pt/eipe/wp-content/uploads/2022/05/EIPE-2022-Acreditacao-Informacoes.pdf" target="_blank" rel="noreferrer noopener"><span style="text-decoration: underline;"><strong>AQUI</strong></span></a>.</p>



<p></p>

<p>O EIPE &#8211; Encontro de Investigação e Práticas em Educação encontra-se acreditado pelo Conselho Científico-Pedagógico da Formação Contínua (CCPFC), com os seguintes dados: Encontro de Investigação e Práticas em&hellip;</p>
