{"id":31,"date":"2022-02-04T12:01:07","date_gmt":"2022-02-04T12:01:07","guid":{"rendered":"https:\/\/eventos.esec.pt\/eipe\/?page_id=31"},"modified":"2022-05-06T10:57:12","modified_gmt":"2022-05-06T10:57:12","slug":"submissoes","status":"publish","type":"page","link":"https:\/\/eventos.esec.pt\/eipe\/?page_id=31","title":{"rendered":"Submiss\u00f5es"},"content":{"rendered":"\n<div class=\"wp-block-columns is-layout-flex wp-container-core-columns-is-layout-9d6595d7 wp-block-columns-is-layout-flex\">\n<div class=\"wp-block-column is-layout-flow wp-block-column-is-layout-flow\" style=\"flex-basis:100%\">\n<div class=\"wp-block-columns is-layout-flex wp-container-core-columns-is-layout-9d6595d7 wp-block-columns-is-layout-flex\">\n<div class=\"wp-block-column is-layout-flow wp-block-column-is-layout-flow\" style=\"flex-basis:33%\">\n<ul class=\"wp-block-list\" id=\"block-638aca98-14cd-4802-bb04-aa1f2a1b30a2\"><li><s><del>06\/02\/2022: submiss\u00e3o de resumos<\/del><\/s><\/li><li><s>20\/02\/2022: prorroga\u00e7\u00e3o do prazo de submiss\u00e3o de resumos<\/s><\/li><li><s>20\/03\/2022: notifica\u00e7\u00e3o aos autores<\/s><\/li><li><s><strong>23\/03\/2022: prorroga\u00e7\u00e3o do prazo de notifica\u00e7\u00e3o aos autores<\/strong><\/s><\/li><li><s>27\/03\/2022: submiss\u00e3o da vers\u00e3o revista dos resumos<\/s><\/li><li>30\/06\/2022: submiss\u00e3o de artigos<\/li><li>25\/07\/2022: notifica\u00e7\u00e3o aos autores da aceita\u00e7\u00e3o dos textos<\/li><li>10\/09\/2022: submiss\u00e3o da vers\u00e3o revista dos textos<\/li><\/ul>\n\n\n\n<h3 class=\"wp-block-heading\" id=\"processo-de-submissao\">Processo de submiss\u00e3o<\/h3>\n\n\n\n<p>As sess\u00f5es paralelas decorrem com a apresenta\u00e7\u00e3o de comunica\u00e7\u00f5es orais, relatos de pr\u00e1tica\/p\u00f3steres e workshops dentro do \u00e2mbito EIPE 2022.<\/p>\n\n\n\n<p>A submiss\u00e3o de trabalhos ser\u00e1 realizada em duas fases:<\/p>\n\n\n\n<ul class=\"wp-block-list\"><li><s>Submiss\u00e3o do resumo, at\u00e9 6\/02\/2022 <strong>20\/02\/2022<\/strong>.<\/s><\/li><li>Submiss\u00e3o do texto (artigo), at\u00e9 30\/06\/2022. Os textos submetidos ser\u00e3o sujeitos a dupla revis\u00e3o cega por pares. Cada um dos textos selecionados constituir\u00e1 cap\u00edtulo de livro que ser\u00e1 publicado no \u00faltimo trimestre de 2022, em formato eletr\u00f3nico, com ISBN.<\/li><\/ul>\n<\/div>\n\n\n\n<div class=\"wp-block-column is-layout-flow wp-block-column-is-layout-flow\">\n<h3 class=\"wp-block-heading\" id=\"submissao-de-artigos\">Submiss\u00e3o de Artigos<\/h3>\n\n\n\n<p>As submiss\u00f5es devem ser textos in\u00e9ditos, n\u00e3o editados ou apresentados em quaisquer outras publica\u00e7\u00f5es. Os textos devem ser submetidos em portugu\u00eas. Os textos s\u00e3o limitados a 30 000 carateres, incluindo espa\u00e7os e excluindo: t\u00edtulo, afilia\u00e7\u00e3o e contacto, resumo e palavras-chave. Os textos devem seguir, obrigatoriamente, as normas de formata\u00e7\u00e3o do <a href=\"https:\/\/www.esec.pt\/wp-content\/uploads\/2021\/12\/EIPE2022_template_artigo.docx\"><em>template<\/em><\/a> (<strong>eipe2022_ template_artigo.docx<\/strong> (Word)).<\/p>\n\n\n\n<p>O modelo deve ser descarregado e deve ser usado para trabalhar diretamente sobre o ficheiro. No caso destas normas n\u00e3o serem respeitadas, os textos n\u00e3o ser\u00e3o publicados.<\/p>\n\n\n\n<p>A <strong>submiss\u00e3o dos textos (artigos)<\/strong> deve ser feita <strong>at\u00e9 30\/06\/2022<\/strong>, atrav\u00e9s do email: <a href=\"mailto:eipe@esec.pt\">eipe@esec.pt<\/a><\/p>\n\n\n\n<p class=\"has-white-color has-luminous-vivid-amber-background-color has-text-color has-background has-small-font-size\"><u><strong><mark style=\"background-color:rgba(0, 0, 0, 0)\" class=\"has-inline-color has-white-color\">NOTA IMPORTANTE:<\/mark><\/strong><\/u><\/p>\n\n\n\n<p>Os trabalhos submetidos ser\u00e3o sujeitos a uma avalia\u00e7\u00e3o por especialistas da Comiss\u00e3o Cient\u00edfica do EIPE 2022. Nesta avalia\u00e7\u00e3o ter-se-\u00e1 em considera\u00e7\u00e3o:<\/p>\n\n\n\n<ol class=\"wp-block-list\"><li><strong>Propostas de resumo para comunica\u00e7\u00e3o oral<\/strong><strong>, relatos de pr\u00e1tica\/p\u00f3steres <\/strong><strong>ou workshop:<\/strong><\/li><\/ol>\n\n\n\n<p>i) Pertin\u00eancia da proposta em rela\u00e7\u00e3o \u00e0 tem\u00e1tica do Encontro<br>ii) Qualidade cient\u00edfica e contributos do trabalho<br>iii) Respeito das normas de reda\u00e7\u00e3o<\/p>\n\n\n\n<ol class=\"wp-block-list\" start=\"2\"><li><strong>Propostas de artigo:<\/strong><\/li><\/ol>\n\n\n\n<p>(i) Identifica\u00e7\u00e3o e clareza do problema\/objetivo do estudo.<br>(ii) Pertin\u00eancia, adequa\u00e7\u00e3o e atualidade da fundamenta\u00e7\u00e3o te\u00f3rica.<br>(iii) Adequa\u00e7\u00e3o e fundamenta\u00e7\u00e3o da metodologia de investiga\u00e7\u00e3o.<br>(iv) Pertin\u00eancia e sustenta\u00e7\u00e3o dos resultados.<br>(v) Articula\u00e7\u00e3o, consist\u00eancia e fundamenta\u00e7\u00e3o das conclus\u00f5es.<br>(vi) Utiliza\u00e7\u00e3o das normas APA (7\u00aa Ed.) nas refer\u00eancias.<br>(vii) Clareza, organiza\u00e7\u00e3o e estrutura do texto.<br>(viii) Consist\u00eancia relativamente \u00e0s normas definidas para a formata\u00e7\u00e3o do texto.<\/p>\n\n\n\n<h3 class=\"wp-block-heading\" id=\"submissao-dos-resumos\">Submiss\u00e3o dos resumos<\/h3>\n\n\n\n<p>Os resumos das propostas (para comunica\u00e7\u00e3o oral, relatos de pr\u00e1tica\/p\u00f3steres e de workshops) s\u00e3o submetidos em portugu\u00eas. Os resumos s\u00e3o limitados a 1500 carateres, incluindo espa\u00e7os. Sem refer\u00eancias bibliogr\u00e1ficas, devem incluir (de acordo com a respetiva modalidade):<\/p>\n\n\n\n<ol class=\"wp-block-list\"><li>Modalidade de comunica\u00e7\u00e3o oral (Modalidade CO):<ul><li>t\u00edtulo (s\u00f3 a primeira palavra iniciada com mai\u00fascula),<\/li><li>prop\u00f3sito do estudo,<\/li><li>m\u00e9todos de pesquisa\/metodologia (se aplic\u00e1vel),<\/li><li>resultados (se aplic\u00e1vel),<\/li><li>conclus\u00f5es.<\/li><\/ul><\/li><li>Modalidade de relato de pr\u00e1tica\/p\u00f3ster (Modalidade RP)<\/li><\/ol>\n\n\n\n<ul class=\"wp-block-list\"><li>t\u00edtulo (s\u00f3 a primeira palavra iniciada com mai\u00fascula),<\/li><li>prop\u00f3sito do estudo,<\/li><li>m\u00e9todos de pesquisa\/metodologia (se aplic\u00e1vel),<\/li><li>resultados (se aplic\u00e1vel),<\/li><li>conclus\u00f5es.<\/li><\/ul>\n\n\n\n<ol class=\"wp-block-list\" start=\"3\"><li>Modalidade de workshop (Modalidade W)<\/li><\/ol>\n\n\n\n<ul class=\"wp-block-list\"><li>t\u00edtulo (s\u00f3 a primeira palavra iniciada com mai\u00fascula),<\/li><li>enquadramento e objetivos do mesmo.<\/li><\/ul>\n\n\n\n<p>Os <strong>resumos<\/strong> devem seguir, obrigatoriamente, as normas de formata\u00e7\u00e3o do <em><a href=\"https:\/\/www.esec.pt\/wp-content\/uploads\/2021\/12\/eipe2022_template_resumo.docx\" data-type=\"URL\" data-id=\"https:\/\/www.esec.pt\/wp-content\/uploads\/2021\/12\/eipe2022_template_resumo.docx\">template<\/a><\/em> (<strong>eipe2022_template_resumo.docx<\/strong> (Word)). O modelo deve ser descarregado e deve ser usado para trabalhar diretamente sobre o ficheiro.<\/p>\n\n\n\n<p>A <strong>submiss\u00e3o de resumos<\/strong> deve ser feita <strong>at\u00e9 <s>6\/02\/2022<\/s><\/strong> <strong>20\/02\/2020<\/strong>, atrav\u00e9s do email: <a href=\"mailto:eipe@esec.pt\">eipe@esec.pt<\/a> e o nome do documento dever\u00e1 ter o formato <strong>eipe_Modalidade_titulo.docx<\/strong> (Word) Exemplo: eipe2022_w_xxxxxxx. docx<\/p>\n\n\n\n<p>Descarregar <a href=\"https:\/\/eventos.esec.pt\/eipe\/wp-content\/uploads\/2022\/05\/OneDrive_2022-05-06.zip\"><span style=\"text-decoration: underline;\">Resumos<\/span><\/a><\/p>\n<\/div>\n<\/div>\n<\/div>\n<\/div>\n","protected":false},"excerpt":{"rendered":"<p>06\/02\/2022: submiss\u00e3o de resumos 20\/02\/2022: prorroga\u00e7\u00e3o do prazo de submiss\u00e3o de resumos 20\/03\/2022: notifica\u00e7\u00e3o aos autores 23\/03\/2022: prorroga\u00e7\u00e3o do prazo de notifica\u00e7\u00e3o aos autores 27\/03\/2022:&hellip;<\/p>\n","protected":false},"author":2,"featured_media":0,"parent":0,"menu_order":0,"comment_status":"closed","ping_status":"closed","template":"","meta":{"footnotes":""},"class_list":["post-31","page","type-page","status-publish","hentry"],"_links":{"self":[{"href":"https:\/\/eventos.esec.pt\/eipe\/index.php?rest_route=\/wp\/v2\/pages\/31","targetHints":{"allow":["GET"]}}],"collection":[{"href":"https:\/\/eventos.esec.pt\/eipe\/index.php?rest_route=\/wp\/v2\/pages"}],"about":[{"href":"https:\/\/eventos.esec.pt\/eipe\/index.php?rest_route=\/wp\/v2\/types\/page"}],"author":[{"embeddable":true,"href":"https:\/\/eventos.esec.pt\/eipe\/index.php?rest_route=\/wp\/v2\/users\/2"}],"replies":[{"embeddable":true,"href":"https:\/\/eventos.esec.pt\/eipe\/index.php?rest_route=%2Fwp%2Fv2%2Fcomments&post=31"}],"version-history":[{"count":9,"href":"https:\/\/eventos.esec.pt\/eipe\/index.php?rest_route=\/wp\/v2\/pages\/31\/revisions"}],"predecessor-version":[{"id":396,"href":"https:\/\/eventos.esec.pt\/eipe\/index.php?rest_route=\/wp\/v2\/pages\/31\/revisions\/396"}],"wp:attachment":[{"href":"https:\/\/eventos.esec.pt\/eipe\/index.php?rest_route=%2Fwp%2Fv2%2Fmedia&parent=31"}],"curies":[{"name":"wp","href":"https:\/\/api.w.org\/{rel}","templated":true}]}}