{"id":2,"date":"2021-12-20T16:18:25","date_gmt":"2021-12-20T16:18:25","guid":{"rendered":"https:\/\/eventos.esec.pt\/eipe\/?page_id=2"},"modified":"2022-05-04T08:57:19","modified_gmt":"2022-05-04T08:57:19","slug":"comissoes","status":"publish","type":"page","link":"https:\/\/eventos.esec.pt\/eipe\/?page_id=2","title":{"rendered":"Comiss\u00f5es"},"content":{"rendered":"\n<div class=\"wp-block-columns is-layout-flex wp-container-core-columns-is-layout-9d6595d7 wp-block-columns-is-layout-flex\">\n<div class=\"wp-block-column is-layout-flow wp-block-column-is-layout-flow\">\n<h3 class=\"wp-block-heading\">Organizadora<\/h3>\n\n\n\n<ul class=\"wp-block-list\"><li>Ana Santiago &#8211; IPC<\/li><li>Armando Gon\u00e7alves &#8211; IPC<\/li><li>Cristina Leandro &#8211; IPC<\/li><li>Jos\u00e9 Miguel Sacramento &#8211; IPC<\/li><li>M\u00e1rcia Quinteiro &#8211; IPC<\/li><li>Maria do Ros\u00e1rio Casti\u00e7o Campos &#8211; IPC<\/li><li>S\u00edlvia Parreiral &#8211; IPC<\/li><li>Vera do Vale &#8211; IPC<\/li><li>Virg\u00edlio Rato &#8211; IPC<\/li><\/ul>\n<\/div>\n<\/div>\n\n\n\n<h3 class=\"wp-block-heading\">Cient\u00edfica<\/h3>\n\n\n\n<div class=\"wp-block-columns is-layout-flex wp-container-core-columns-is-layout-9d6595d7 wp-block-columns-is-layout-flex\">\n<div class=\"wp-block-column is-layout-flow wp-block-column-is-layout-flow\">\n<ul class=\"wp-block-list\"><li>Aida Figueiredo &#8211; Universidade de Aveiro<\/li><li>Ana Coelho- Instituto Polit\u00e9cnico de Coimbra<\/li><li>Ana Lu\u00edsa Costa &#8211; Instituto Polit\u00e9cnico de Set\u00fabal<\/li><li>Ana Paula Aires &#8211; Universidade de Tr\u00e1s-os-Montes e Alto Douro<\/li><li>Ana Paula Ferreira &#8211; Instituto Polit\u00e9cnico de Coimbra<\/li><li>Ana Silva Marques &#8211; Instituto Polit\u00e9cnico de Lisboa<\/li><li>Ana Oliveira &#8211; Instituto Polit\u00e9cnico de Leiria<\/li><li>Ant\u00f3nio Gomes Ferreira &#8211; Universidade de Coimbra<\/li><li>Avelino Correia &#8211; Instituto Polit\u00e9cnico de Coimbra<\/li><li>Bento Cavadas &#8211; Instituto Polit\u00e9cnico de Santar\u00e9m<\/li><li>Catarina Cruz &#8211; Instituto Polit\u00e9cnico de Coimbra<\/li><li>Cec\u00edlia Costa &#8211; Universidade de Tr\u00e1s-os-Montes e Alto Douro<\/li><li>Cristina Vieira &#8211; Universidade de Coimbra<\/li><li>Elisabete Monteiro &#8211; Universidade de Lisboa<\/li><li>F\u00e1tima Neves &#8211; Instituto Polit\u00e9cnico de Coimbra<\/li><\/ul>\n<\/div>\n\n\n\n<div class=\"wp-block-column is-layout-flow wp-block-column-is-layout-flow\">\n<ul class=\"wp-block-list\"><li>F\u00e1tima Paix\u00e3o &#8211; Instituto Polit\u00e9cnico de Castelo Branco<\/li><li>Fernando Martins &#8211; Instituto Polit\u00e9cnico de Coimbra<\/li><li>Fernando Rebola &#8211; Instituto Polit\u00e9cnico de Portalegre<\/li><li>Filomena Teixeira &#8211; Instituto Polit\u00e9cnico de Coimbra<\/li><li>Francisco Campos &#8211; Instituto Polit\u00e9cnico de Coimbra<\/li><li>Isabel Correia &#8211; Instituto Polit\u00e9cnico de Coimbra<\/li><li>J. Bernardino Lopes &#8211; Universidade de Tr\u00e1s-os-Montes e Alto Douro<\/li><li>Joana Ch\u00e9linho &#8211; Instituto Polit\u00e9cnico de Coimbra<\/li><li>Jo\u00e3o Rocha &#8211; Instituto Polit\u00e9cnico de Viseu<\/li><li>Jo\u00e3o Vaz &#8211; Instituto Polit\u00e9cnico de Coimbra<\/li><li>Jos\u00e9 Marques Morgado &#8211; Instituto Polit\u00e9cnico de Coimbra<\/li><li>Jos\u00e9 Pedro e Silva &#8211; Instituto Polit\u00e9cnico de Coimbra<\/li><li>Jos\u00e9 Pereirinha Ramalho &#8211; Instituto Polit\u00e9cnico de Beja<\/li><li>Luis Mota &#8211; Instituto Polit\u00e9cnico de Coimbra<\/li><li>Madalena Baptista &#8211; Instituto Polit\u00e9cnico de Coimbra<\/li><\/ul>\n<\/div>\n\n\n\n<div class=\"wp-block-column is-layout-flow wp-block-column-is-layout-flow\">\n<ul class=\"wp-block-list\"><li>Madalena Teixeira &#8211; Instituto Polit\u00e9cnico de Santar\u00e9m<\/li><li>Manuel Vara Pires &#8211; Instituto Polit\u00e9cnico de Bragan\u00e7a<\/li><li>Margarida Ad\u00f3nis Torres &#8211; Instituto Polit\u00e9cnico de Coimbra<\/li><li>Maria Alexandra Gomes &#8211; Universidade do Minho<\/li><li>Maria Helena Ramos\u00a0AE Pai\u00e3o \u2013 Instituto Polit\u00e9cnico de Coimbra<\/li><li>Maria Isabel Ferraz Festas &#8211; Universidade de Coimbra<\/li><li>Nat\u00e1lia Pires &#8211; Instituto Polit\u00e9cnico de Coimbra<\/li><li>Nuno Chuva Vasco &#8211; Instituto Polit\u00e9cnico de Coimbra<\/li><li>Nuno Lopes Martins &#8211; Instituto Polit\u00e9cnico de Coimbra<\/li><li>Paula Teixeira AE Jo\u00e3o de Barros \u2013 Universidade Nova de Lisboa<\/li><li>Pedro Balaus &#8211; Instituto Polit\u00e9cnico de Coimbra<\/li><li>Ricardo Melo &#8211; Instituto Polit\u00e9cnico de Coimbra<\/li><li>Rui Mendes &#8211; Instituto Polit\u00e9cnico de Coimbra<\/li><li>S\u00edlvia Espada &#8211; Instituto Polit\u00e9cnico de Coimbra<\/li><li>Sofia Gon\u00e7alves &#8211; Instituto Polit\u00e9cnico de Coimbra<\/li><li>S\u00f3nia Brito Costa &#8211; Instituto Polit\u00e9cnico de Coimbra<\/li><\/ul>\n<\/div>\n<\/div>\n\n\n\n<h3 class=\"wp-block-heading\">Apoio ao evento<\/h3>\n\n\n\n<ul class=\"wp-block-list\"><li>Ana Margarida Martins Gomes<\/li><li>Beatriz Gabriela Rebelo Teixeira Coelho<\/li><li>Beatriz Neves Raposo<\/li><li>Bruno Dinis Rodrigues Henriques Fernandes<\/li><li>Catarina de Oliveira Bita<\/li><li>Guilherme Manuel da Silva Sim\u00f5es<\/li><li>Laura Carlos Gentil<\/li><li>Let\u00edcia Santos Sobral<\/li><li>Margarida Pereira Costa Neves<\/li><li>Maria In\u00eas Rolo Sim\u00f5es<\/li><li>Maria Jos\u00e9 Silva de Jesus<\/li><li>Mariana Santos Sim\u00f5es<\/li><li>Miguel Alexandre Guedes Gon\u00e7alves<\/li><li>Patr\u00edcia Sofia Al\u00e7ada Tom\u00e1s de Morais<\/li><li>Rafaela Rossa Maia Oliveira<\/li><li>Rafaela Valente Lopes<\/li><li>Rita P\u00e9rtiga Correia<\/li><li>Rita Susana Morgado dos Santos <\/li><li>Sara Alexandra Petim Ribeiro<\/li><\/ul>\n","protected":false},"excerpt":{"rendered":"<p>Organizadora Ana Santiago &#8211; IPC Armando Gon\u00e7alves &#8211; IPC Cristina Leandro &#8211; IPC Jos\u00e9 Miguel Sacramento &#8211; IPC M\u00e1rcia Quinteiro &#8211; IPC Maria do Ros\u00e1rio&hellip;<\/p>\n","protected":false},"author":1,"featured_media":0,"parent":0,"menu_order":0,"comment_status":"closed","ping_status":"closed","template":"","meta":{"footnotes":""},"class_list":["post-2","page","type-page","status-publish","hentry"],"_links":{"self":[{"href":"https:\/\/eventos.esec.pt\/eipe\/index.php?rest_route=\/wp\/v2\/pages\/2","targetHints":{"allow":["GET"]}}],"collection":[{"href":"https:\/\/eventos.esec.pt\/eipe\/index.php?rest_route=\/wp\/v2\/pages"}],"about":[{"href":"https:\/\/eventos.esec.pt\/eipe\/index.php?rest_route=\/wp\/v2\/types\/page"}],"author":[{"embeddable":true,"href":"https:\/\/eventos.esec.pt\/eipe\/index.php?rest_route=\/wp\/v2\/users\/1"}],"replies":[{"embeddable":true,"href":"https:\/\/eventos.esec.pt\/eipe\/index.php?rest_route=%2Fwp%2Fv2%2Fcomments&post=2"}],"version-history":[{"count":18,"href":"https:\/\/eventos.esec.pt\/eipe\/index.php?rest_route=\/wp\/v2\/pages\/2\/revisions"}],"predecessor-version":[{"id":376,"href":"https:\/\/eventos.esec.pt\/eipe\/index.php?rest_route=\/wp\/v2\/pages\/2\/revisions\/376"}],"wp:attachment":[{"href":"https:\/\/eventos.esec.pt\/eipe\/index.php?rest_route=%2Fwp%2Fv2%2Fmedia&parent=2"}],"curies":[{"name":"wp","href":"https:\/\/api.w.org\/{rel}","templated":true}]}}

Comissões

<div class="wp-block-columns is-layout-flex wp-container-core-columns-is-layout-9d6595d7 wp-block-columns-is-layout-flex">
<div class="wp-block-column is-layout-flow wp-block-column-is-layout-flow">
<h3 class="wp-block-heading">Organizadora</h3>



<ul class="wp-block-list"><li>Ana Santiago &#8211; IPC</li><li>Armando Gonçalves &#8211; IPC</li><li>Cristina Leandro &#8211; IPC</li><li>José Miguel Sacramento &#8211; IPC</li><li>Márcia Quinteiro &#8211; IPC</li><li>Maria do Rosário Castiço Campos &#8211; IPC</li><li>Sílvia Parreiral &#8211; IPC</li><li>Vera do Vale &#8211; IPC</li><li>Virgílio Rato &#8211; IPC</li></ul>
</div>
</div>



<h3 class="wp-block-heading">Científica</h3>



<div class="wp-block-columns is-layout-flex wp-container-core-columns-is-layout-9d6595d7 wp-block-columns-is-layout-flex">
<div class="wp-block-column is-layout-flow wp-block-column-is-layout-flow">
<ul class="wp-block-list"><li>Aida Figueiredo &#8211; Universidade de Aveiro</li><li>Ana Coelho- Instituto Politécnico de Coimbra</li><li>Ana Luísa Costa &#8211; Instituto Politécnico de Setúbal</li><li>Ana Paula Aires &#8211; Universidade de Trás-os-Montes e Alto Douro</li><li>Ana Paula Ferreira &#8211; Instituto Politécnico de Coimbra</li><li>Ana Silva Marques &#8211; Instituto Politécnico de Lisboa</li><li>Ana Oliveira &#8211; Instituto Politécnico de Leiria</li><li>António Gomes Ferreira &#8211; Universidade de Coimbra</li><li>Avelino Correia &#8211; Instituto Politécnico de Coimbra</li><li>Bento Cavadas &#8211; Instituto Politécnico de Santarém</li><li>Catarina Cruz &#8211; Instituto Politécnico de Coimbra</li><li>Cecília Costa &#8211; Universidade de Trás-os-Montes e Alto Douro</li><li>Cristina Vieira &#8211; Universidade de Coimbra</li><li>Elisabete Monteiro &#8211; Universidade de Lisboa</li><li>Fátima Neves &#8211; Instituto Politécnico de Coimbra</li></ul>
</div>



<div class="wp-block-column is-layout-flow wp-block-column-is-layout-flow">
<ul class="wp-block-list"><li>Fátima Paixão &#8211; Instituto Politécnico de Castelo Branco</li><li>Fernando Martins &#8211; Instituto Politécnico de Coimbra</li><li>Fernando Rebola &#8211; Instituto Politécnico de Portalegre</li><li>Filomena Teixeira &#8211; Instituto Politécnico de Coimbra</li><li>Francisco Campos &#8211; Instituto Politécnico de Coimbra</li><li>Isabel Correia &#8211; Instituto Politécnico de Coimbra</li><li>J. Bernardino Lopes &#8211; Universidade de Trás-os-Montes e Alto Douro</li><li>Joana Chélinho &#8211; Instituto Politécnico de Coimbra</li><li>João Rocha &#8211; Instituto Politécnico de Viseu</li><li>João Vaz &#8211; Instituto Politécnico de Coimbra</li><li>José Marques Morgado &#8211; Instituto Politécnico de Coimbra</li><li>José Pedro e Silva &#8211; Instituto Politécnico de Coimbra</li><li>José Pereirinha Ramalho &#8211; Instituto Politécnico de Beja</li><li>Luis Mota &#8211; Instituto Politécnico de Coimbra</li><li>Madalena Baptista &#8211; Instituto Politécnico de Coimbra</li></ul>
</div>



<div class="wp-block-column is-layout-flow wp-block-column-is-layout-flow">
<ul class="wp-block-list"><li>Madalena Teixeira &#8211; Instituto Politécnico de Santarém</li><li>Manuel Vara Pires &#8211; Instituto Politécnico de Bragança</li><li>Margarida Adónis Torres &#8211; Instituto Politécnico de Coimbra</li><li>Maria Alexandra Gomes &#8211; Universidade do Minho</li><li>Maria Helena Ramos AE Paião – Instituto Politécnico de Coimbra</li><li>Maria Isabel Ferraz Festas &#8211; Universidade de Coimbra</li><li>Natália Pires &#8211; Instituto Politécnico de Coimbra</li><li>Nuno Chuva Vasco &#8211; Instituto Politécnico de Coimbra</li><li>Nuno Lopes Martins &#8211; Instituto Politécnico de Coimbra</li><li>Paula Teixeira AE João de Barros – Universidade Nova de Lisboa</li><li>Pedro Balaus &#8211; Instituto Politécnico de Coimbra</li><li>Ricardo Melo &#8211; Instituto Politécnico de Coimbra</li><li>Rui Mendes &#8211; Instituto Politécnico de Coimbra</li><li>Sílvia Espada &#8211; Instituto Politécnico de Coimbra</li><li>Sofia Gonçalves &#8211; Instituto Politécnico de Coimbra</li><li>Sónia Brito Costa &#8211; Instituto Politécnico de Coimbra</li></ul>
</div>
</div>



<h3 class="wp-block-heading">Apoio ao evento</h3>



<ul class="wp-block-list"><li>Ana Margarida Martins Gomes</li><li>Beatriz Gabriela Rebelo Teixeira Coelho</li><li>Beatriz Neves Raposo</li><li>Bruno Dinis Rodrigues Henriques Fernandes</li><li>Catarina de Oliveira Bita</li><li>Guilherme Manuel da Silva Simões</li><li>Laura Carlos Gentil</li><li>Letícia Santos Sobral</li><li>Margarida Pereira Costa Neves</li><li>Maria Inês Rolo Simões</li><li>Maria José Silva de Jesus</li><li>Mariana Santos Simões</li><li>Miguel Alexandre Guedes Gonçalves</li><li>Patrícia Sofia Alçada Tomás de Morais</li><li>Rafaela Rossa Maia Oliveira</li><li>Rafaela Valente Lopes</li><li>Rita Pértiga Correia</li><li>Rita Susana Morgado dos Santos </li><li>Sara Alexandra Petim Ribeiro</li></ul>

<p>Organizadora Ana Santiago &#8211; IPC Armando Gonçalves &#8211; IPC Cristina Leandro &#8211; IPC José Miguel Sacramento &#8211; IPC Márcia Quinteiro &#8211; IPC Maria do Rosário&hellip;</p>
