{"id":5,"date":"2023-04-12T15:10:28","date_gmt":"2023-04-12T15:10:28","guid":{"rendered":"https:\/\/eventos.esec.pt\/cises\/?page_id=5"},"modified":"2023-06-29T14:41:36","modified_gmt":"2023-06-29T14:41:36","slug":"apresentacao","status":"publish","type":"page","link":"https:\/\/eventos.esec.pt\/cises\/apresentacao\/","title":{"rendered":"Apresenta\u00e7\u00e3o"},"content":{"rendered":"\n<div class=\"wp-block-columns is-layout-flex wp-container-core-columns-is-layout-9d6595d7 wp-block-columns-is-layout-flex\">\n<div class=\"wp-block-column is-layout-flow wp-block-column-is-layout-flow\" style=\"flex-basis:66.66%\">\n<h3 class=\"wp-block-heading\">Num tempo marcado pelo \u2018aqui e agora\u2019, onde o apelo \u00e0 sexualidade \u00e9 uma constante, importa que o VII Congresso Internacional de Sexualidade e Educa\u00e7\u00e3o Sexual (VII CISES) traga ao palco quest\u00f5es de g\u00e9nero e diversidade sexual, prementes no quadro dos Direitos Humanos.<\/h3>\n<\/div>\n\n\n\n<div class=\"wp-block-column is-layout-flow wp-block-column-is-layout-flow\" style=\"flex-basis:33.33%\"><\/div>\n<\/div>\n\n\n\n<div class=\"wp-block-columns is-layout-flex wp-container-core-columns-is-layout-9d6595d7 wp-block-columns-is-layout-flex\">\n<div class=\"wp-block-column is-layout-flow wp-block-column-is-layout-flow\"><\/div>\n\n\n\n<div class=\"wp-block-column is-layout-flow wp-block-column-is-layout-flow\">\n<p>O Congresso que acontece em setembro de 2023, \u00e9 o s\u00e9timo de uma sequ\u00eancia que se realiza, bianualmente, desde 2010, alternadamente em Portugal e no Brasil, nas institui\u00e7\u00f5es que alojam um grupo de investigadores\/as que trabalham colaborativamente e em rede, em pesquisas sobre sexualidade e educa\u00e7\u00e3o sexual: Escola Superior de Educa\u00e7\u00e3o de Coimbra (ESEC), Universidade de Aveiro (UA), Universidade de Lisboa (UL), Universidade do Minho (UM), Universidade Estadual Paulista \u201cJ\u00falio de Mesquita Filho\u201d (UNESP) e Universidade do Estado de Santa Catarina (UDESC).<\/p>\n\n\n\n<p><strong>A finalidade que unifica a realiza\u00e7\u00e3o destes congressos \u00e9 o estudo da sexualidade<\/strong> como tema multidisciplinar e transversal que se desdobra em v\u00e1rias \u00e1reas de investiga\u00e7\u00e3o e interven\u00e7\u00e3o, entre elas a educa\u00e7\u00e3o sexual com perspetiva de g\u00e9nero. Tendo por base a Estrat\u00e9gia Nacional para a Igualdade e N\u00e3o Discrimina\u00e7\u00e3o (ENIND, 2018-2030), o VII CISES pretende estimular o debate e a reflex\u00e3o, a respeito do papel das mulheres e dos movimentos LGBTQI, tem\u00e1ticas ainda invisibilizadas e silenciadas nos espa\u00e7os escolares, mas de particular atualidade e relev\u00e2ncia, atendendo \u00e0s (im)posi\u00e7\u00f5es curriculares, \u00e0s pol\u00edticas educativas que urge implementar, \u00e0 investiga\u00e7\u00e3o e pr\u00e1ticas sobre a igualdade e n\u00e3o discrimina\u00e7\u00e3o em raz\u00e3o de sexo, orienta\u00e7\u00e3o sexual, identidade e express\u00e3o de g\u00e9nero.<\/p>\n<\/div>\n\n\n\n<div class=\"wp-block-column is-layout-flow wp-block-column-is-layout-flow\">\n<p>O programa do Congresso inclui confer\u00eancias plen\u00e1rias, mesas redondas e sess\u00f5es paralelas de comunica\u00e7\u00e3o de trabalhos de investiga\u00e7\u00e3o e\/ou relato de pr\u00e1ticas.\u00a0<\/p>\n\n\n\n<h3 class=\"wp-block-heading\">P\u00fablico-alvo<\/h3>\n\n\n\n<p>Docentes, investigadores\/as e estudantes (de Licenciatura, Mestrado e Doutoramento) de Educa\u00e7\u00e3o, Sa\u00fade, Comunica\u00e7\u00e3o, Antropologia, Sociologia, Hist\u00f3ria, Direito, Medicina, Psicologia, Filosofia, Artes Visuais e Performativas, entre outros.<\/p>\n\n\n\n<h3 class=\"wp-block-heading\">Eixos Tem\u00e1ticos<\/h3>\n\n\n\n<ul class=\"wp-block-list\">\n<li>A. Sexualidade, Sa\u00fade e Direitos Humanos<\/li>\n\n\n\n<li>B. Sexualidade, G\u00e9nero e Diversidade Sexual<\/li>\n\n\n\n<li>C. Corpo, Erotismo e Sexualidade<\/li>\n\n\n\n<li>D. Investiga\u00e7\u00e3o e Pr\u00e1ticas em Sexualidade, G\u00e9nero e Diversidade Sexual<\/li>\n\n\n\n<li>E. Sexualidade, G\u00e9nero e Media<\/li>\n\n\n\n<li>F. Sexualidade, Educa\u00e7\u00e3o Sexual e Forma\u00e7\u00e3o de Professores\/as<\/li>\n\n\n\n<li>G. Pol\u00edticas Educativas em Sexualidade, Educa\u00e7\u00e3o Sexual, G\u00e9nero e Diversidade Sexual<\/li>\n<\/ul>\n<\/div>\n<\/div>\n","protected":false},"excerpt":{"rendered":"<p>Num tempo marcado pelo \u2018aqui e agora\u2019, onde o apelo \u00e0 sexualidade \u00e9 uma constante, importa que o VII Congresso Internacional de Sexualidade e Educa\u00e7\u00e3o&hellip;<\/p>\n","protected":false},"author":1,"featured_media":0,"parent":0,"menu_order":0,"comment_status":"closed","ping_status":"closed","template":"","meta":{"footnotes":""},"class_list":["post-5","page","type-page","status-publish","hentry"],"_links":{"self":[{"href":"https:\/\/eventos.esec.pt\/cises\/wp-json\/wp\/v2\/pages\/5","targetHints":{"allow":["GET"]}}],"collection":[{"href":"https:\/\/eventos.esec.pt\/cises\/wp-json\/wp\/v2\/pages"}],"about":[{"href":"https:\/\/eventos.esec.pt\/cises\/wp-json\/wp\/v2\/types\/page"}],"author":[{"embeddable":true,"href":"https:\/\/eventos.esec.pt\/cises\/wp-json\/wp\/v2\/users\/1"}],"replies":[{"embeddable":true,"href":"https:\/\/eventos.esec.pt\/cises\/wp-json\/wp\/v2\/comments?post=5"}],"version-history":[{"count":27,"href":"https:\/\/eventos.esec.pt\/cises\/wp-json\/wp\/v2\/pages\/5\/revisions"}],"predecessor-version":[{"id":338,"href":"https:\/\/eventos.esec.pt\/cises\/wp-json\/wp\/v2\/pages\/5\/revisions\/338"}],"wp:attachment":[{"href":"https:\/\/eventos.esec.pt\/cises\/wp-json\/wp\/v2\/media?parent=5"}],"curies":[{"name":"wp","href":"https:\/\/api.w.org\/{rel}","templated":true}]}}

Apresentação

<div class="wp-block-columns is-layout-flex wp-container-core-columns-is-layout-9d6595d7 wp-block-columns-is-layout-flex">
<div class="wp-block-column is-layout-flow wp-block-column-is-layout-flow" style="flex-basis:66.66%">
<h3 class="wp-block-heading">Num tempo marcado pelo ‘aqui e agora’, onde o apelo à sexualidade é uma constante, importa que o VII Congresso Internacional de Sexualidade e Educação Sexual (VII CISES) traga ao palco questões de género e diversidade sexual, prementes no quadro dos Direitos Humanos.</h3>
</div>



<div class="wp-block-column is-layout-flow wp-block-column-is-layout-flow" style="flex-basis:33.33%"></div>
</div>



<div class="wp-block-columns is-layout-flex wp-container-core-columns-is-layout-9d6595d7 wp-block-columns-is-layout-flex">
<div class="wp-block-column is-layout-flow wp-block-column-is-layout-flow"></div>



<div class="wp-block-column is-layout-flow wp-block-column-is-layout-flow">
<p>O Congresso que acontece em setembro de 2023, é o sétimo de uma sequência que se realiza, bianualmente, desde 2010, alternadamente em Portugal e no Brasil, nas instituições que alojam um grupo de investigadores/as que trabalham colaborativamente e em rede, em pesquisas sobre sexualidade e educação sexual: Escola Superior de Educação de Coimbra (ESEC), Universidade de Aveiro (UA), Universidade de Lisboa (UL), Universidade do Minho (UM), Universidade Estadual Paulista “Júlio de Mesquita Filho” (UNESP) e Universidade do Estado de Santa Catarina (UDESC).</p>



<p><strong>A finalidade que unifica a realização destes congressos é o estudo da sexualidade</strong> como tema multidisciplinar e transversal que se desdobra em várias áreas de investigação e intervenção, entre elas a educação sexual com perspetiva de género. Tendo por base a Estratégia Nacional para a Igualdade e Não Discriminação (ENIND, 2018-2030), o VII CISES pretende estimular o debate e a reflexão, a respeito do papel das mulheres e dos movimentos LGBTQI, temáticas ainda invisibilizadas e silenciadas nos espaços escolares, mas de particular atualidade e relevância, atendendo às (im)posições curriculares, às políticas educativas que urge implementar, à investigação e práticas sobre a igualdade e não discriminação em razão de sexo, orientação sexual, identidade e expressão de género.</p>
</div>



<div class="wp-block-column is-layout-flow wp-block-column-is-layout-flow">
<p>O programa do Congresso inclui conferências plenárias, mesas redondas e sessões paralelas de comunicação de trabalhos de investigação e/ou relato de práticas. </p>



<h3 class="wp-block-heading">Público-alvo</h3>



<p>Docentes, investigadores/as e estudantes (de Licenciatura, Mestrado e Doutoramento) de Educação, Saúde, Comunicação, Antropologia, Sociologia, História, Direito, Medicina, Psicologia, Filosofia, Artes Visuais e Performativas, entre outros.</p>



<h3 class="wp-block-heading">Eixos Temáticos</h3>



<ul class="wp-block-list">
<li>A. Sexualidade, Saúde e Direitos Humanos</li>



<li>B. Sexualidade, Género e Diversidade Sexual</li>



<li>C. Corpo, Erotismo e Sexualidade</li>



<li>D. Investigação e Práticas em Sexualidade, Género e Diversidade Sexual</li>



<li>E. Sexualidade, Género e Media</li>



<li>F. Sexualidade, Educação Sexual e Formação de Professores/as</li>



<li>G. Políticas Educativas em Sexualidade, Educação Sexual, Género e Diversidade Sexual</li>
</ul>
</div>
</div>

<p>Num tempo marcado pelo ‘aqui e agora’, onde o apelo à sexualidade é uma constante, importa que o VII Congresso Internacional de Sexualidade e Educação&hellip;</p>
