{"id":151,"date":"2023-06-20T17:38:03","date_gmt":"2023-06-20T17:38:03","guid":{"rendered":"https:\/\/eventos.esec.pt\/cises\/?page_id=151"},"modified":"2023-09-12T15:12:10","modified_gmt":"2023-09-12T15:12:10","slug":"inicio","status":"publish","type":"page","link":"https:\/\/eventos.esec.pt\/cises\/","title":{"rendered":"In\u00edcio"},"content":{"rendered":"\n<div class=\"wp-block-columns is-layout-flex wp-container-core-columns-is-layout-9d6595d7 wp-block-columns-is-layout-flex\">\n<div class=\"wp-block-column is-layout-flow wp-block-column-is-layout-flow\" style=\"flex-basis:120px\"><\/div>\n\n\n\n<div class=\"wp-block-column is-layout-flow wp-block-column-is-layout-flow\">\n<p class=\"has-text-align-center\" style=\"font-size:25px\">Num tempo marcado pelo &#8216;aqui e agora&#8217;, onde o apelo \u00e0 sexualidade \u00e9 uma constante, importa que o <a href=\"https:\/\/eventos.esec.pt\/cises\/apresentacao\/\" data-type=\"page\" data-id=\"5\" class=\"underline\">VII Congresso Internacional de Sexualidade e Educa\u00e7\u00e3o Sexual<\/a> (VII CISES) traga ao palco <a href=\"https:\/\/eventos.esec.pt\/cises\/programa\/\" data-type=\"page\" data-id=\"77\" class=\"underline\">quest\u00f5es de g\u00e9nero e diversidade sexual<\/a>, prementes no quadro dos Direitos Humanos.<\/p>\n\n\n\n<p class=\"has-text-align-center\" style=\"font-size:16px\">O <a href=\"https:\/\/eventos.esec.pt\/cises\/programa\/\" data-type=\"page\" data-id=\"77\">programa do congresso<\/a> inclui confer\u00eancias plen\u00e1rias, mesas redondas e sess\u00f5es paralelas de comunica\u00e7\u00e3o de trabalhos de investiga\u00e7\u00e3o e\/ou relato de pr\u00e1ticas.&nbsp;<\/p>\n\n\n\n<div style=\"height:19px\" aria-hidden=\"true\" class=\"wp-block-spacer\"><\/div>\n\n\n\n<hr class=\"wp-block-separator has-alpha-channel-opacity is-style-default\"\/>\n\n\n\n<div style=\"height:20px\" aria-hidden=\"true\" class=\"wp-block-spacer\"><\/div>\n\n\n\n<figure class=\"wp-block-gallery has-nested-images columns-5 wp-block-gallery-30 is-layout-flex wp-block-gallery-is-layout-flex\">\n<figure class=\"wp-block-image size-large is-style-rounded wp-duotone-000000-ffffff-1\"><a href=\"https:\/\/eventos.esec.pt\/cises\/inicio\/pablo-perez-navarro\/\"><img loading=\"lazy\" decoding=\"async\" width=\"800\" height=\"800\" data-id=\"458\" src=\"https:\/\/eventos.esec.pt\/cises\/wp-content\/uploads\/2023\/09\/Pablo-Pe\u0301rez-Navarro.jpg\" alt=\"\" class=\"wp-image-458\"\/><\/a><figcaption class=\"wp-element-caption\">Pablo P\u00e9rez Navarro<\/figcaption><\/figure>\n\n\n\n<figure class=\"wp-block-image size-large is-style-rounded wp-duotone-000000-ffffff-2\"><a href=\"https:\/\/eventos.esec.pt\/cises\/inicio\/01-maria-jose-masanet\/\"><img loading=\"lazy\" decoding=\"async\" width=\"800\" height=\"800\" data-id=\"169\" src=\"https:\/\/eventos.esec.pt\/cises\/wp-content\/uploads\/2023\/06\/01-Maria-Jose\u0301-Masanet.jpg\" alt=\"\" class=\"wp-image-169\"\/><\/a><figcaption class=\"wp-element-caption\">Maria Jose\u0301 Masanet<\/figcaption><\/figure>\n\n\n\n<figure class=\"wp-block-image size-large is-style-rounded wp-duotone-000000-ffffff-3\"><a href=\"https:\/\/eventos.esec.pt\/cises\/inicio\/02-morgade_sociales-2\/\"><img loading=\"lazy\" decoding=\"async\" width=\"800\" height=\"800\" data-id=\"164\" src=\"https:\/\/eventos.esec.pt\/cises\/wp-content\/uploads\/2023\/06\/02-Morgade_Sociales.jpg\" alt=\"\" class=\"wp-image-164\"\/><\/a><figcaption class=\"wp-element-caption\">Graciela Morgade<\/figcaption><\/figure>\n\n\n\n<figure class=\"wp-block-image size-large is-style-rounded wp-duotone-000000-ffffff-4\"><a href=\"https:\/\/eventos.esec.pt\/cises\/inicio\/03-fernando-seffner\/\"><img loading=\"lazy\" decoding=\"async\" width=\"800\" height=\"800\" data-id=\"168\" src=\"https:\/\/eventos.esec.pt\/cises\/wp-content\/uploads\/2023\/06\/03-Fernando-Seffner.jpg\" alt=\"\" class=\"wp-image-168\"\/><\/a><figcaption class=\"wp-element-caption\">Fernando Seffner<\/figcaption><\/figure>\n\n\n\n<figure class=\"wp-block-image size-large is-style-rounded wp-duotone-000000-ffffff-5\"><a href=\"https:\/\/eventos.esec.pt\/cises\/inicio\/jorge-verissimo\/\"><img loading=\"lazy\" decoding=\"async\" width=\"800\" height=\"800\" data-id=\"166\" src=\"https:\/\/eventos.esec.pt\/cises\/wp-content\/uploads\/2023\/06\/04-Jorge-Verissimo.jpg\" alt=\"\" class=\"wp-image-166\"\/><\/a><figcaption class=\"wp-element-caption\">Jorge Ver\u00edssimo<\/figcaption><\/figure>\n\n\n\n<figure class=\"wp-block-image size-full is-style-rounded wp-duotone-000000-ffffff-6\"><a href=\"https:\/\/eventos.esec.pt\/cises\/inicio\/rosa-monteiro\/\"><img loading=\"lazy\" decoding=\"async\" width=\"800\" height=\"800\" data-id=\"399\" src=\"https:\/\/eventos.esec.pt\/cises\/wp-content\/uploads\/2023\/07\/Rosa-monteiro.jpg\" alt=\"\" class=\"wp-image-399\"\/><\/a><figcaption class=\"wp-element-caption\">Rosa Monteiro<\/figcaption><\/figure>\n\n\n\n<figure class=\"wp-block-image size-large is-style-rounded wp-duotone-000000-ffffff-7\"><a href=\"https:\/\/eventos.esec.pt\/cises\/inicio\/06-paula-veiga\/\"><img loading=\"lazy\" decoding=\"async\" width=\"800\" height=\"800\" data-id=\"165\" src=\"https:\/\/eventos.esec.pt\/cises\/wp-content\/uploads\/2023\/06\/06-Paula-Veiga.jpg\" alt=\"\" class=\"wp-image-165\"\/><\/a><figcaption class=\"wp-element-caption\">Paula Veiga<\/figcaption><\/figure>\n\n\n\n<figure class=\"wp-block-image size-large is-style-rounded wp-duotone-000000-ffffff-8\"><a href=\"https:\/\/eventos.esec.pt\/cises\/inicio\/07-maria-teresa-bejarano\/\"><img loading=\"lazy\" decoding=\"async\" width=\"800\" height=\"800\" data-id=\"170\" src=\"https:\/\/eventos.esec.pt\/cises\/wp-content\/uploads\/2023\/06\/07-Maria-teresa-Bejarano.jpg\" alt=\"\" class=\"wp-image-170\"\/><\/a><figcaption class=\"wp-element-caption\">Maria Teresa Bejarano<\/figcaption><\/figure>\n\n\n\n<figure class=\"wp-block-image size-large is-style-rounded wp-duotone-000000-ffffff-9\"><a href=\"https:\/\/eventos.esec.pt\/cises\/inicio\/08-daniela-bento\/\"><img loading=\"lazy\" decoding=\"async\" width=\"800\" height=\"800\" data-id=\"171\" src=\"https:\/\/eventos.esec.pt\/cises\/wp-content\/uploads\/2023\/06\/08-Daniela-Bento.jpg\" alt=\"\" class=\"wp-image-171\"\/><\/a><figcaption class=\"wp-element-caption\">Daniela Bento<\/figcaption><\/figure>\n\n\n\n<figure class=\"wp-block-image size-large is-style-rounded wp-duotone-000000-ffffff-10\"><a href=\"https:\/\/eventos.esec.pt\/cises\/inicio\/09-sofia-almeida-santos\/\"><img loading=\"lazy\" decoding=\"async\" width=\"800\" height=\"800\" data-id=\"172\" src=\"https:\/\/eventos.esec.pt\/cises\/wp-content\/uploads\/2023\/06\/09-Sofia-Almeida-Santos.jpg\" alt=\"\" class=\"wp-image-172\"\/><\/a><figcaption class=\"wp-element-caption\">Sofia Almeida Santos<\/figcaption><\/figure>\n\n\n\n<figure class=\"wp-block-image size-large is-style-rounded wp-duotone-000000-ffffff-11\"><a href=\"https:\/\/eventos.esec.pt\/cises\/inicio\/10-margarida-medina-martins\/\"><img loading=\"lazy\" decoding=\"async\" width=\"800\" height=\"800\" data-id=\"173\" src=\"https:\/\/eventos.esec.pt\/cises\/wp-content\/uploads\/2023\/06\/10-Margarida-Medina-Martins.jpg\" alt=\"\" class=\"wp-image-173\"\/><\/a><figcaption class=\"wp-element-caption\">Margarida Martins<\/figcaption><\/figure>\n\n\n\n<figure class=\"wp-block-image size-large is-style-rounded wp-duotone-000000-ffffff-12\"><a href=\"https:\/\/eventos.esec.pt\/cises\/inicio\/11-fernando-cascais\/\"><img loading=\"lazy\" decoding=\"async\" width=\"800\" height=\"800\" data-id=\"176\" src=\"https:\/\/eventos.esec.pt\/cises\/wp-content\/uploads\/2023\/06\/11-Fernando-Cascais.jpg\" alt=\"\" class=\"wp-image-176\"\/><\/a><figcaption class=\"wp-element-caption\">Fernando Cascais<\/figcaption><\/figure>\n\n\n\n<figure class=\"wp-block-image size-large is-style-rounded wp-duotone-000000-ffffff-13\"><a href=\"https:\/\/eventos.esec.pt\/cises\/inicio\/12-alexandra-teixeira\/\"><img loading=\"lazy\" decoding=\"async\" width=\"800\" height=\"800\" data-id=\"174\" src=\"https:\/\/eventos.esec.pt\/cises\/wp-content\/uploads\/2023\/06\/12-Alexandra-Teixeira.jpg\" alt=\"\" class=\"wp-image-174\"\/><\/a><figcaption class=\"wp-element-caption\">Alexandra Teixeira<\/figcaption><\/figure>\n\n\n\n<figure class=\"wp-block-image size-large is-style-rounded wp-duotone-000000-ffffff-14\"><a href=\"https:\/\/eventos.esec.pt\/cises\/inicio\/13-cristina-vieira\/\"><img loading=\"lazy\" decoding=\"async\" width=\"800\" height=\"800\" data-id=\"175\" src=\"https:\/\/eventos.esec.pt\/cises\/wp-content\/uploads\/2023\/06\/13-Cristina-Vieira.jpg\" alt=\"\" class=\"wp-image-175\"\/><\/a><figcaption class=\"wp-element-caption\">Cristina Vieira<\/figcaption><\/figure>\n\n\n\n<figure class=\"wp-block-image size-full is-style-rounded wp-duotone-000000-ffffff-15\"><a href=\"https:\/\/eventos.esec.pt\/cises\/inicio\/14-irene-martinez\/\"><img loading=\"lazy\" decoding=\"async\" width=\"800\" height=\"800\" data-id=\"188\" src=\"https:\/\/eventos.esec.pt\/cises\/wp-content\/uploads\/2023\/06\/14-Irene-Martinez.jpg\" alt=\"\" class=\"wp-image-188\"\/><\/a><figcaption class=\"wp-element-caption\">Irene Mart\u00ednez Mart\u00edn<\/figcaption><\/figure>\n\n\n\n<figure class=\"wp-block-image size-large is-style-rounded wp-duotone-000000-ffffff-16\"><a href=\"https:\/\/eventos.esec.pt\/cises\/inicio\/15-raquel-afonso\/\"><img loading=\"lazy\" decoding=\"async\" width=\"800\" height=\"800\" data-id=\"189\" src=\"https:\/\/eventos.esec.pt\/cises\/wp-content\/uploads\/2023\/06\/15-raquel-afonso.jpg\" alt=\"\" class=\"wp-image-189\"\/><\/a><figcaption class=\"wp-element-caption\">Raquel Afonso<\/figcaption><\/figure>\n\n\n\n<figure class=\"wp-block-image size-full is-style-rounded wp-duotone-000000-ffffff-17\"><a href=\"https:\/\/eventos.esec.pt\/cises\/inicio\/16-claudia-prioste-1\/\"><img loading=\"lazy\" decoding=\"async\" width=\"800\" height=\"800\" data-id=\"284\" src=\"https:\/\/eventos.esec.pt\/cises\/wp-content\/uploads\/2023\/06\/16-claudia-prioste-1.jpg\" alt=\"\" class=\"wp-image-284\"\/><\/a><figcaption class=\"wp-element-caption\">Cl\u00e1udia Prioste<\/figcaption><\/figure>\n\n\n\n<figure class=\"wp-block-image size-large is-style-rounded wp-duotone-000000-ffffff-18\"><a href=\"https:\/\/eventos.esec.pt\/cises\/inicio\/17-bruno-marques\/\"><img loading=\"lazy\" decoding=\"async\" width=\"800\" height=\"800\" data-id=\"288\" src=\"https:\/\/eventos.esec.pt\/cises\/wp-content\/uploads\/2023\/06\/17-Bruno-Marques.jpg\" alt=\"\" class=\"wp-image-288\"\/><\/a><figcaption class=\"wp-element-caption\">Bruno Marques<\/figcaption><\/figure>\n\n\n\n<figure class=\"wp-block-image size-large is-style-rounded wp-duotone-000000-ffffff-19\"><a href=\"https:\/\/eventos.esec.pt\/cises\/inicio\/18-isabel-freire\/\"><img loading=\"lazy\" decoding=\"async\" width=\"800\" height=\"800\" data-id=\"291\" src=\"https:\/\/eventos.esec.pt\/cises\/wp-content\/uploads\/2023\/06\/18-Isabel-Freire.jpg\" alt=\"\" class=\"wp-image-291\"\/><\/a><figcaption class=\"wp-element-caption\">Isabel Freire<\/figcaption><\/figure>\n\n\n\n<figure class=\"wp-block-image size-large is-style-rounded wp-duotone-000000-ffffff-20\"><a href=\"https:\/\/eventos.esec.pt\/cises\/inicio\/19-rita-rato\/\"><img loading=\"lazy\" decoding=\"async\" width=\"800\" height=\"800\" data-id=\"301\" src=\"https:\/\/eventos.esec.pt\/cises\/wp-content\/uploads\/2023\/06\/19-Rita-Rato.jpg\" alt=\"\" class=\"wp-image-301\"\/><\/a><figcaption class=\"wp-element-caption\">Rita Rato<\/figcaption><\/figure>\n\n\n\n<figure class=\"wp-block-image size-full is-style-rounded wp-duotone-000000-ffffff-21\"><a href=\"https:\/\/eventos.esec.pt\/cises\/inicio\/21-cristina-faria\/\"><img loading=\"lazy\" decoding=\"async\" width=\"800\" height=\"800\" data-id=\"360\" src=\"https:\/\/eventos.esec.pt\/cises\/wp-content\/uploads\/2023\/07\/21-cristina-faria.jpg\" alt=\"\" class=\"wp-image-360\"\/><\/a><figcaption class=\"wp-element-caption\">Cristina Faria<\/figcaption><\/figure>\n\n\n\n<figure class=\"wp-block-image size-large is-style-rounded wp-duotone-000000-ffffff-22\"><a href=\"https:\/\/eventos.esec.pt\/cises\/inicio\/21-mara-pieri\/\"><img loading=\"lazy\" decoding=\"async\" width=\"800\" height=\"800\" data-id=\"364\" src=\"https:\/\/eventos.esec.pt\/cises\/wp-content\/uploads\/2023\/07\/21-Mara-Pieri.jpg\" alt=\"\" class=\"wp-image-364\"\/><\/a><figcaption class=\"wp-element-caption\">Mara Pieri<\/figcaption><\/figure>\n\n\n\n<figure class=\"wp-block-image size-full is-style-rounded wp-duotone-000000-ffffff-23\"><a href=\"https:\/\/eventos.esec.pt\/cises\/inicio\/sona_fati\/\"><img loading=\"lazy\" decoding=\"async\" width=\"800\" height=\"800\" data-id=\"403\" src=\"https:\/\/eventos.esec.pt\/cises\/wp-content\/uploads\/2023\/07\/Sona_fati.jpg\" alt=\"\" class=\"wp-image-403\"\/><\/a><figcaption class=\"wp-element-caption\">Sona Fati<\/figcaption><\/figure>\n\n\n\n<figure class=\"wp-block-image size-full is-style-rounded wp-duotone-000000-ffffff-24\"><a href=\"https:\/\/eventos.esec.pt\/cises\/inicio\/ricardo-carvalho\/\"><img loading=\"lazy\" decoding=\"async\" width=\"800\" height=\"800\" data-id=\"405\" src=\"https:\/\/eventos.esec.pt\/cises\/wp-content\/uploads\/2023\/07\/23-Ricardo-carvalho.jpg\" alt=\"\" class=\"wp-image-405\"\/><\/a><figcaption class=\"wp-element-caption\">Ricardo Carvalho<\/figcaption><\/figure>\n\n\n\n<figure class=\"wp-block-image size-full is-style-rounded wp-duotone-000000-ffffff-25\"><a href=\"https:\/\/eventos.esec.pt\/cises\/inicio\/24-jorge-gato\/\"><img loading=\"lazy\" decoding=\"async\" width=\"800\" height=\"800\" data-id=\"425\" src=\"https:\/\/eventos.esec.pt\/cises\/wp-content\/uploads\/2023\/08\/24-Jorge-gato.jpg\" alt=\"\" class=\"wp-image-425\"\/><\/a><figcaption class=\"wp-element-caption\">Jorge Gato<\/figcaption><\/figure>\n\n\n\n<figure class=\"wp-block-image size-full is-style-rounded wp-duotone-000000-ffffff-26\"><a href=\"https:\/\/eventos.esec.pt\/cises\/inicio\/25-natalia-cardoso\/\"><img loading=\"lazy\" decoding=\"async\" width=\"800\" height=\"800\" data-id=\"434\" src=\"https:\/\/eventos.esec.pt\/cises\/wp-content\/uploads\/2023\/08\/25-natalia-cardoso.jpg\" alt=\"\" class=\"wp-image-434\"\/><\/a><figcaption class=\"wp-element-caption\">Nat\u00e1lia Cardoso<\/figcaption><\/figure>\n\n\n\n<figure class=\"wp-block-image size-full is-style-rounded wp-duotone-000000-ffffff-27\"><img loading=\"lazy\" decoding=\"async\" width=\"800\" height=\"800\" data-id=\"558\" src=\"https:\/\/eventos.esec.pt\/cises\/wp-content\/uploads\/2023\/09\/cesar-nogueira.jpg\" alt=\"\" class=\"wp-image-558\"\/><figcaption class=\"wp-element-caption\">C\u00e9sar Nogueira<\/figcaption><\/figure>\n\n\n\n<figure class=\"wp-block-image size-full is-style-rounded wp-duotone-000000-ffffff-28\"><img loading=\"lazy\" decoding=\"async\" width=\"800\" height=\"800\" data-id=\"560\" src=\"https:\/\/eventos.esec.pt\/cises\/wp-content\/uploads\/2023\/09\/helder-bruno.jpg\" alt=\"\" class=\"wp-image-560\"\/><figcaption class=\"wp-element-caption\">H\u00e9lder Bruno<\/figcaption><\/figure>\n\n\n\n<figure class=\"wp-block-image size-full is-style-rounded wp-duotone-000000-ffffff-29\"><img loading=\"lazy\" decoding=\"async\" width=\"800\" height=\"800\" data-id=\"561\" src=\"https:\/\/eventos.esec.pt\/cises\/wp-content\/uploads\/2023\/09\/alvaro-aroso.jpg\" alt=\"\" class=\"wp-image-561\"\/><figcaption class=\"wp-element-caption\">Alvaro Aroso<\/figcaption><\/figure>\n\n\n\n<figure class=\"wp-block-image size-large\"><img loading=\"lazy\" decoding=\"async\" width=\"250\" height=\"250\" data-id=\"310\" src=\"https:\/\/eventos.esec.pt\/cises\/wp-content\/uploads\/2023\/06\/20-blank.jpg\" alt=\"\" class=\"wp-image-310\"\/><\/figure>\n<\/figure>\n\n\n\n<div style=\"height:16px\" aria-hidden=\"true\" class=\"wp-block-spacer\"><\/div>\n<\/div>\n\n\n\n<div class=\"wp-block-column is-layout-flow wp-block-column-is-layout-flow\" style=\"flex-basis:120px\"><\/div>\n<\/div>\n","protected":false},"excerpt":{"rendered":"<p>Num tempo marcado pelo &#8216;aqui e agora&#8217;, onde o apelo \u00e0 sexualidade \u00e9 uma constante, importa que o VII Congresso Internacional de Sexualidade e Educa\u00e7\u00e3o&hellip;<\/p>\n","protected":false},"author":1,"featured_media":0,"parent":0,"menu_order":0,"comment_status":"closed","ping_status":"closed","template":"","meta":{"footnotes":""},"class_list":["post-151","page","type-page","status-publish","hentry"],"_links":{"self":[{"href":"https:\/\/eventos.esec.pt\/cises\/wp-json\/wp\/v2\/pages\/151","targetHints":{"allow":["GET"]}}],"collection":[{"href":"https:\/\/eventos.esec.pt\/cises\/wp-json\/wp\/v2\/pages"}],"about":[{"href":"https:\/\/eventos.esec.pt\/cises\/wp-json\/wp\/v2\/types\/page"}],"author":[{"embeddable":true,"href":"https:\/\/eventos.esec.pt\/cises\/wp-json\/wp\/v2\/users\/1"}],"replies":[{"embeddable":true,"href":"https:\/\/eventos.esec.pt\/cises\/wp-json\/wp\/v2\/comments?post=151"}],"version-history":[{"count":63,"href":"https:\/\/eventos.esec.pt\/cises\/wp-json\/wp\/v2\/pages\/151\/revisions"}],"predecessor-version":[{"id":562,"href":"https:\/\/eventos.esec.pt\/cises\/wp-json\/wp\/v2\/pages\/151\/revisions\/562"}],"wp:attachment":[{"href":"https:\/\/eventos.esec.pt\/cises\/wp-json\/wp\/v2\/media?parent=151"}],"curies":[{"name":"wp","href":"https:\/\/api.w.org\/{rel}","templated":true}]}}