{"id":171,"date":"2023-06-20T17:26:57","date_gmt":"2023-06-20T17:26:57","guid":{"rendered":"https:\/\/eventos.esec.pt\/cises\/wp-content\/uploads\/2023\/06\/08-Daniela-Bento.jpg"},"modified":"2023-09-15T17:10:47","modified_gmt":"2023-09-15T17:10:47","slug":"08-daniela-bento","status":"inherit","type":"attachment","link":"https:\/\/eventos.esec.pt\/cises\/inicio\/08-daniela-bento\/","title":{"rendered":"Daniela Bento"},"author":1,"featured_media":0,"comment_status":"open","ping_status":"closed","template":"","meta":[],"class_list":["post-171","attachment","type-attachment","status-inherit","hentry"],"description":{"rendered":"<p class=\"attachment\"><a href='https:\/\/eventos.esec.pt\/cises\/wp-content\/uploads\/2023\/06\/08-Daniela-Bento.jpg'><img loading=\"lazy\" decoding=\"async\" width=\"300\" height=\"300\" src=\"https:\/\/eventos.esec.pt\/cises\/wp-content\/uploads\/2023\/06\/08-Daniela-Bento.jpg\" class=\"attachment-medium size-medium\" alt=\"Daniela Bento\" \/><\/a><\/p>\n<p>Daniela Filipe Bento (Dani Bento), natural do Cartaxo, reside em Lisboa desde os seus 18 anos. \u00c9 formada em Astronomia e Astrof\u00edsica e trabalha como Engenheira de Software. O seu percurso tem sido percorrido atrav\u00e9s de v\u00e1rias experi\u00eancias pessoais e sociais, reflex\u00f5es e pr\u00e1ticas, atravessadas pelas suas diversas identidades (mulher trans, n\u00e3o-bin\u00e1ria, pansexual, anarquista relacional), sendo o seu foco de ativismo a comunidade LGBTI+, justi\u00e7a social e sa\u00fade mental. Atualmente parte da dire\u00e7\u00e3o da ILGA Portugal e coordenadora do Grupo de Reflex\u00e3o e Interven\u00e7\u00e3o Trans (GRIT) da mesma associa\u00e7\u00e3o, procura sempre uma vis\u00e3o transfeminista, cr\u00edtica e radical. Para al\u00e9m de outros projetos onde costuma colaborar (desde projetos de divulga\u00e7\u00e3o cient\u00edfica, revistas de caracter feminista, etc), pratica Astronomia Amadora, Fotografia, DJing, Aikid\u00f4 e adora ler e escrever.<\/p>\n<p>Para mais informa\u00e7\u00f5es: https:\/\/www.danifbento.me<\/p>\n"},"caption":{"rendered":"<p>Daniela Bento<\/p>\n"},"alt_text":"Daniela Bento","media_type":"image","mime_type":"image\/jpeg","media_details":{"width":800,"height":800,"file":"2023\/06\/08-Daniela-Bento.jpg","filesize":219556,"sizes":{},"image_meta":{"aperture":"0","credit":"","camera":"","caption":"","created_timestamp":"0","copyright":"","focal_length":"0","iso":"0","shutter_speed":"0","title":"","orientation":"0","keywords":[]}},"post":151,"source_url":"https:\/\/eventos.esec.pt\/cises\/wp-content\/uploads\/2023\/06\/08-Daniela-Bento.jpg","_links":{"self":[{"href":"https:\/\/eventos.esec.pt\/cises\/wp-json\/wp\/v2\/media\/171","targetHints":{"allow":["GET"]}}],"collection":[{"href":"https:\/\/eventos.esec.pt\/cises\/wp-json\/wp\/v2\/media"}],"about":[{"href":"https:\/\/eventos.esec.pt\/cises\/wp-json\/wp\/v2\/types\/attachment"}],"author":[{"embeddable":true,"href":"https:\/\/eventos.esec.pt\/cises\/wp-json\/wp\/v2\/users\/1"}],"replies":[{"embeddable":true,"href":"https:\/\/eventos.esec.pt\/cises\/wp-json\/wp\/v2\/comments?post=171"}],"wp:attached-to":[{"embeddable":true,"post_type":"page","id":151,"href":"https:\/\/eventos.esec.pt\/cises\/wp-json\/wp\/v2\/pages\/151"}],"curies":[{"name":"wp","href":"https:\/\/api.w.org\/{rel}","templated":true}]}}

<p class="attachment"><a href='https://eventos.esec.pt/cises/wp-content/uploads/2023/06/08-Daniela-Bento.jpg'><img loading="lazy" decoding="async" width="300" height="300" src="https://eventos.esec.pt/cises/wp-content/uploads/2023/06/08-Daniela-Bento.jpg" class="attachment-medium size-medium" alt="Daniela Bento" /></a></p>
<p>Daniela Filipe Bento (Dani Bento), natural do Cartaxo, reside em Lisboa desde os seus 18 anos. É formada em Astronomia e Astrofísica e trabalha como Engenheira de Software. O seu percurso tem sido percorrido através de várias experiências pessoais e sociais, reflexões e práticas, atravessadas pelas suas diversas identidades (mulher trans, não-binária, pansexual, anarquista relacional), sendo o seu foco de ativismo a comunidade LGBTI+, justiça social e saúde mental. Atualmente parte da direção da ILGA Portugal e coordenadora do Grupo de Reflexão e Intervenção Trans (GRIT) da mesma associação, procura sempre uma visão transfeminista, crítica e radical. Para além de outros projetos onde costuma colaborar (desde projetos de divulgação científica, revistas de caracter feminista, etc), pratica Astronomia Amadora, Fotografia, DJing, Aikidô e adora ler e escrever.</p>
<p>Para mais informações: https://www.danifbento.me</p>
